Last updated on 2020-02-15 01:01:33 CET.
Flavor | Version | Tinstall | Tcheck | Ttotal | Status | Flags |
---|---|---|---|---|---|---|
r-devel-linux-x86_64-debian-clang | 1.2 | 2.14 | 19.79 | 21.93 | NOTE | |
r-devel-linux-x86_64-debian-gcc | 1.2 | 1.52 | 16.12 | 17.64 | NOTE | |
r-devel-linux-x86_64-fedora-clang | 1.2 | 28.38 | NOTE | |||
r-devel-linux-x86_64-fedora-gcc | 1.2 | 26.89 | NOTE | |||
r-devel-windows-ix86+x86_64 | 1.2 | 8.00 | 46.00 | 54.00 | NOTE | |
r-devel-windows-ix86+x86_64-gcc8 | 1.2 | 12.00 | 55.00 | 67.00 | NOTE | |
r-patched-linux-x86_64 | 1.2 | 1.86 | 18.68 | 20.54 | NOTE | |
r-patched-solaris-x86 | 1.2 | 42.90 | NOTE | |||
r-release-linux-x86_64 | 1.2 | 1.82 | 18.81 | 20.63 | NOTE | |
r-release-windows-ix86+x86_64 | 1.2 | 7.00 | 56.00 | 63.00 | NOTE | |
r-release-osx-x86_64 | 1.2 | NOTE | ||||
r-oldrel-windows-ix86+x86_64 | 1.2 | 5.00 | 37.00 | 42.00 | NOTE | |
r-oldrel-osx-x86_64 | 1.2 | NOTE |
Version: 1.2
Check: dependencies in R code
Result: NOTE
Package in Depends field not imported from: 'methods'
These packages need to be imported from (in the NAMESPACE file)
for when this namespace is loaded but not attached.
Flavors: r-devel-linux-x86_64-debian-clang, r-devel-linux-x86_64-debian-gcc, r-devel-linux-x86_64-fedora-clang, r-devel-linux-x86_64-fedora-gcc, r-devel-windows-ix86+x86_64, r-devel-windows-ix86+x86_64-gcc8, r-patched-linux-x86_64, r-patched-solaris-x86, r-release-linux-x86_64, r-release-windows-ix86+x86_64, r-release-osx-x86_64, r-oldrel-windows-ix86+x86_64, r-oldrel-osx-x86_64
Version: 1.2
Check: R code for possible problems
Result: NOTE
pdist: no visible global function definition for 'dist'
pdist: no visible global function definition for 'new'
Undefined global functions or variables:
dist new
Consider adding
importFrom("methods", "new")
importFrom("stats", "dist")
to your NAMESPACE file (and ensure that your DESCRIPTION Imports field
contains 'methods').
Flavors: r-devel-linux-x86_64-debian-clang, r-devel-linux-x86_64-debian-gcc, r-devel-linux-x86_64-fedora-clang, r-devel-linux-x86_64-fedora-gcc, r-devel-windows-ix86+x86_64, r-devel-windows-ix86+x86_64-gcc8, r-patched-linux-x86_64, r-patched-solaris-x86, r-release-linux-x86_64, r-release-windows-ix86+x86_64, r-release-osx-x86_64, r-oldrel-windows-ix86+x86_64, r-oldrel-osx-x86_64
Version: 1.2
Check: compiled code
Result: NOTE
File ‘pdist/libs/pdist.so’:
Found no calls to: ‘R_registerRoutines’, ‘R_useDynamicSymbols’
It is good practice to register native routines and to disable symbol
search.
See ‘Writing portable packages’ in the ‘Writing R Extensions’ manual.
Flavors: r-devel-linux-x86_64-fedora-clang, r-devel-linux-x86_64-fedora-gcc