Last updated on 2020-02-15 01:01:33 CET.
Flavor | Version | Tinstall | Tcheck | Ttotal | Status | Flags |
---|---|---|---|---|---|---|
r-devel-linux-x86_64-debian-clang | 0.9-51 | 89.87 | 112.88 | 202.75 | OK | |
r-devel-linux-x86_64-debian-gcc | 0.9-51 | 62.80 | 86.17 | 148.97 | OK | |
r-devel-linux-x86_64-fedora-clang | 0.9-51 | 256.80 | NOTE | |||
r-devel-linux-x86_64-fedora-gcc | 0.9-51 | 248.89 | OK | |||
r-devel-windows-ix86+x86_64 | 0.9-51 | 149.00 | 174.00 | 323.00 | OK | |
r-devel-windows-ix86+x86_64-gcc8 | 0.9-51 | 221.00 | 195.00 | 416.00 | OK | |
r-patched-linux-x86_64 | 0.9-51 | 68.39 | 101.26 | 169.65 | OK | |
r-patched-solaris-x86 | 0.9-51 | 287.20 | OK | |||
r-release-linux-x86_64 | 0.9-51 | 66.53 | 101.72 | 168.25 | OK | |
r-release-windows-ix86+x86_64 | 0.9-51 | 134.00 | 140.00 | 274.00 | OK | |
r-release-osx-x86_64 | 0.9-51 | NOTE | ||||
r-oldrel-windows-ix86+x86_64 | 0.9-51 | 138.00 | 178.00 | 316.00 | OK | |
r-oldrel-osx-x86_64 | 0.9-51 | NOTE |
Version: 0.9-51
Check: installed package size
Result: NOTE
installed size is 5.9Mb
sub-directories of 1Mb or more:
libs 4.9Mb
Flavors: r-devel-linux-x86_64-fedora-clang, r-release-osx-x86_64, r-oldrel-osx-x86_64
Version: 0.9-51
Check: package dependencies
Result: NOTE
Package suggested but not available for checking: ‘globaltest’
Flavor: r-release-osx-x86_64