Last updated on 2020-02-15 01:01:33 CET.
Flavor | Version | Tinstall | Tcheck | Ttotal | Status | Flags |
---|---|---|---|---|---|---|
r-devel-linux-x86_64-debian-clang | 1.0 | 35.59 | 28.65 | 64.24 | OK | |
r-devel-linux-x86_64-debian-gcc | 1.0 | 24.66 | 21.99 | 46.65 | OK | |
r-devel-linux-x86_64-fedora-clang | 1.0 | 85.81 | NOTE | |||
r-devel-linux-x86_64-fedora-gcc | 1.0 | 81.00 | NOTE | |||
r-devel-windows-ix86+x86_64 | 1.0 | 63.00 | 74.00 | 137.00 | OK | |
r-devel-windows-ix86+x86_64-gcc8 | 1.0 | 94.00 | 83.00 | 177.00 | OK | |
r-patched-linux-x86_64 | 1.0 | 26.38 | 26.72 | 53.10 | OK | |
r-patched-solaris-x86 | 1.0 | 93.90 | OK | |||
r-release-linux-x86_64 | 1.0 | 27.87 | 26.52 | 54.39 | OK | |
r-release-windows-ix86+x86_64 | 1.0 | 57.00 | 66.00 | 123.00 | OK | |
r-release-osx-x86_64 | 1.0 | OK | ||||
r-oldrel-windows-ix86+x86_64 | 1.0 | 54.00 | 90.00 | 144.00 | OK | |
r-oldrel-osx-x86_64 | 1.0 | OK |
Version: 1.0
Check: compiled code
Result: NOTE
File ‘perccal/libs/perccal.so’:
Found no calls to: ‘R_registerRoutines’, ‘R_useDynamicSymbols’
It is good practice to register native routines and to disable symbol
search.
See ‘Writing portable packages’ in the ‘Writing R Extensions’ manual.
Flavors: r-devel-linux-x86_64-fedora-clang, r-devel-linux-x86_64-fedora-gcc