CRAN Package Check Results for Package pgirmess

Last updated on 2020-02-15 01:01:33 CET.

Flavor Version Tinstall Tcheck Ttotal Status Flags
r-devel-linux-x86_64-debian-clang 1.6.9 19.12 150.45 169.57 NOTE
r-devel-linux-x86_64-debian-gcc 1.6.9 14.96 115.52 130.48 NOTE
r-devel-linux-x86_64-fedora-clang 1.6.9 213.36 NOTE
r-devel-linux-x86_64-fedora-gcc 1.6.9 147.82 NOTE
r-devel-windows-ix86+x86_64 1.6.9 32.00 164.00 196.00 OK
r-devel-windows-ix86+x86_64-gcc8 1.6.9 51.00 196.00 247.00 OK
r-patched-linux-x86_64 1.6.9 15.19 130.94 146.13 OK
r-patched-solaris-x86 1.6.9 269.80 OK
r-release-linux-x86_64 1.6.9 15.07 131.63 146.70 OK
r-release-windows-ix86+x86_64 1.6.9 27.00 147.00 174.00 OK
r-release-osx-x86_64 1.6.9 OK
r-oldrel-windows-ix86+x86_64 1.6.9 17.00 193.00 210.00 OK
r-oldrel-osx-x86_64 1.6.9 OK

Check Details

Version: 1.6.9
Check: for non-standard things in the check directory
Result: NOTE
    Found the following files/directories:
     'Myfile.txt'
Flavors: r-devel-linux-x86_64-debian-clang, r-devel-linux-x86_64-debian-gcc, r-devel-linux-x86_64-fedora-clang, r-devel-linux-x86_64-fedora-gcc