CRAN Package Check Results for Package phylin

Last updated on 2020-02-15 01:01:33 CET.

Flavor Version Tinstall Tcheck Ttotal Status Flags
r-devel-linux-x86_64-debian-clang 2.0.2 2.59 698.35 700.94 WARN
r-devel-linux-x86_64-debian-gcc 2.0.2 2.47 453.99 456.46 OK
r-devel-linux-x86_64-fedora-clang 2.0.2 780.48 OK
r-devel-linux-x86_64-fedora-gcc 2.0.2 765.33 OK
r-devel-windows-ix86+x86_64 2.0.2 6.00 79.00 85.00 OK --no-vignettes
r-devel-windows-ix86+x86_64-gcc8 2.0.2 10.00 67.00 77.00 OK --no-vignettes
r-patched-linux-x86_64 2.0.2 2.07 613.86 615.93 OK
r-patched-solaris-x86 2.0.2 948.50 OK
r-release-linux-x86_64 2.0.2 2.53 610.28 612.81 OK
r-release-windows-ix86+x86_64 2.0.2 6.00 67.00 73.00 OK --no-vignettes
r-release-osx-x86_64 2.0.2 OK
r-oldrel-windows-ix86+x86_64 2.0.2 4.00 82.00 86.00 OK --no-vignettes
r-oldrel-osx-x86_64 2.0.2 OK

Check Details

Version: 2.0.2
Check: re-building of vignette outputs
Result: WARN
    Error(s) in re-building vignettes:
     ...
    --- re-building 'phylin_tutorial.Snw' using Sweave
    Killed
    --- re-building 'resistance_tutorial.Snw' using Sweave
    Loading required package: raster
    Loading required package: sp
    Loading required package: igraph
    
    Attaching package: 'igraph'
    
    The following object is masked from 'package:raster':
    
     union
    
    The following objects are masked from 'package:stats':
    
     decompose, spectrum
    
    The following object is masked from 'package:base':
    
     union
    
    Loading required package: Matrix
    
    Attaching package: 'gdistance'
    
    The following object is masked from 'package:igraph':
    
     normalize
    
    Warning in if (class(Coords) == "numeric") { :
     the condition has length > 1 and only the first element will be used
    Warning in if (class(Coords) == "matrix") { :
     the condition has length > 1 and only the first element will be used
    Warning in gen.variogram(geo.dist, simul.gen.dist, lag = 0.01) :
     The variogram contains NAs.Consider adjusting the lag.
    Warning in gen.variogram(res.dist, simul.gen.dist, lag = 120) :
     The variogram contains NAs.Consider adjusting the lag.
    Warning in if (class(Coords) == "numeric") { :
     the condition has length > 1 and only the first element will be used
    Warning in if (class(Coords) == "matrix") { :
     the condition has length > 1 and only the first element will be used
    Warning in if (class(Coords) == "numeric") { :
     the condition has length > 1 and only the first element will be used
    Warning in if (class(Coords) == "matrix") { :
     the condition has length > 1 and only the first element will be used
    Warning in if (class(Coords) == "numeric") { :
     the condition has length > 1 and only the first element will be used
    Warning in if (class(Coords) == "matrix") { :
     the condition has length > 1 and only the first element will be used
    Warning in if (class(Coords) == "numeric") { :
     the condition has length > 1 and only the first element will be used
    Warning in if (class(Coords) == "matrix") { :
     the condition has length > 1 and only the first element will be used
    Warning in if (class(Coords) == "numeric") { :
     the condition has length > 1 and only the first element will be used
    Warning in if (class(Coords) == "matrix") { :
     the condition has length > 1 and only the first element will be used
    Warning in if (class(Coords) == "numeric") { :
     the condition has length > 1 and only the first element will be used
    Warning in if (class(Coords) == "matrix") { :
     the condition has length > 1 and only the first element will be used
    Warning in if (class(Coords) == "numeric") { :
     the condition has length > 1 and only the first element will be used
    Warning in if (class(Coords) == "matrix") { :
     the condition has length > 1 and only the first element will be used
    Warning in if (class(Coords) == "numeric") { :
     the condition has length > 1 and only the first element will be used
    Warning in if (class(Coords) == "matrix") { :
     the condition has length > 1 and only the first element will be used
    Warning in if (class(Coords) == "numeric") { :
     the condition has length > 1 and only the first element will be used
    Warning in if (class(Coords) == "matrix") { :
     the condition has length > 1 and only the first element will be used
    Warning in if (class(Coords) == "numeric") { :
     the condition has length > 1 and only the first element will be used
    Warning in if (class(Coords) == "matrix") { :
     the condition has length > 1 and only the first element will be used
    Warning in if (class(Coords) == "numeric") { :
     the condition has length > 1 and only the first element will be used
    Warning in if (class(Coords) == "matrix") { :
     the condition has length > 1 and only the first element will be used
    --- finished re-building 'resistance_tutorial.Snw'
    
    SUMMARY: processing the following file failed:
     'phylin_tutorial.Snw'
    
    Error: Vignette re-building failed.
    Execution halted
Flavor: r-devel-linux-x86_64-debian-clang