CRAN Package Check Results for Package pkgdown

Last updated on 2020-02-15 01:01:33 CET.

Flavor Version Tinstall Tcheck Ttotal Status Flags
r-devel-linux-x86_64-debian-clang 1.4.1 7.94 92.52 100.46 OK
r-devel-linux-x86_64-debian-gcc 1.4.1 6.71 72.51 79.22 OK
r-devel-linux-x86_64-fedora-clang 1.4.1 119.46 NOTE
r-devel-linux-x86_64-fedora-gcc 1.4.1 116.10 OK
r-devel-windows-ix86+x86_64 1.4.1 17.00 210.00 227.00 OK
r-devel-windows-ix86+x86_64-gcc8 1.4.1 36.00 130.00 166.00 OK
r-patched-linux-x86_64 1.4.1 6.38 83.57 89.95 OK
r-patched-solaris-x86 1.4.1 110.20 OK
r-release-linux-x86_64 1.4.1 5.94 83.44 89.38 OK
r-release-windows-ix86+x86_64 1.4.1 13.00 128.00 141.00 OK
r-release-osx-x86_64 1.4.1 OK
r-oldrel-windows-ix86+x86_64 1.4.1 11.00 157.00 168.00 OK
r-oldrel-osx-x86_64 1.4.1 OK

Check Details

Version: 1.4.1
Check: package dependencies
Result: NOTE
    Imports includes 25 non-default packages.
    Importing from so many packages makes the package vulnerable to any of
    them becoming unavailable. Move as many as possible to Suggests and
    use conditionally.
Flavor: r-devel-linux-x86_64-fedora-clang