CRAN Package Check Results for Package plotly

Last updated on 2020-02-15 01:01:35 CET.

Flavor Version Tinstall Tcheck Ttotal Status Flags
r-devel-linux-x86_64-debian-clang 4.9.2 18.16 283.37 301.53 OK
r-devel-linux-x86_64-debian-gcc 4.9.2 13.92 262.28 276.20 OK
r-devel-linux-x86_64-fedora-clang 4.9.2 309.05 NOTE
r-devel-linux-x86_64-fedora-gcc 4.9.2 303.49 OK
r-devel-windows-ix86+x86_64 4.9.1 33.00 273.00 306.00 ERROR
r-devel-windows-ix86+x86_64-gcc8 4.9.1 43.00 231.00 274.00 NOTE
r-patched-linux-x86_64 4.9.2 15.06 242.97 258.03 OK
r-patched-solaris-x86 4.9.2 345.50 NOTE
r-release-linux-x86_64 4.9.2 16.06 241.42 257.48 OK
r-release-windows-ix86+x86_64 4.9.1 28.00 229.00 257.00 ERROR
r-release-osx-x86_64 4.9.1 NOTE
r-oldrel-windows-ix86+x86_64 4.9.1 19.00 208.00 227.00 ERROR
r-oldrel-osx-x86_64 4.9.1 NOTE

Check Details

Version: 4.9.2
Check: installed package size
Result: NOTE
     installed size is 6.8Mb
     sub-directories of 1Mb or more:
     htmlwidgets 3.7Mb
Flavors: r-devel-linux-x86_64-fedora-clang, r-patched-solaris-x86

Version: 4.9.1
Check: installed package size
Result: NOTE
     installed size is 6.2Mb
     sub-directories of 1Mb or more:
     htmlwidgets 3.4Mb
Flavors: r-devel-windows-ix86+x86_64, r-devel-windows-ix86+x86_64-gcc8, r-release-windows-ix86+x86_64, r-release-osx-x86_64, r-oldrel-windows-ix86+x86_64, r-oldrel-osx-x86_64

Version: 4.9.1
Check: tests
Result: ERROR
     Running 'testthat.R' [135s]
    Running the tests in 'tests/testthat.R' failed.
    Complete output:
     > library("testthat")
     > library("plotly")
     Loading required package: ggplot2
    
     Attaching package: 'plotly'
    
     The following object is masked from 'package:ggplot2':
    
     last_plot
    
     The following object is masked from 'package:stats':
    
     filter
    
     The following object is masked from 'package:graphics':
    
     layout
    
     >
     > test_check("plotly")
     Visual testing is not enabled.
     -- 1. Error: plot_ly() defaults to blank axes (@test-plotly-sf.R#102) ---------
     not implemented for objects of class sfc_GEOMETRYCOLLECTION
     Backtrace:
     1. plotly::plot_ly()
     8. plotly::add_sf(...)
     9. plotly:::to_basic.GeomSf(dat)
     12. plotly:::fortify_sf(d[[i]])
     14. sf:::st_coordinates.sfc(model$geometry)
    
     == testthat results ===========================================================
     [ OK: 1370 | SKIPPED: 45 | WARNINGS: 74 | FAILED: 1 ]
     1. Error: plot_ly() defaults to blank axes (@test-plotly-sf.R#102)
    
     Error: testthat unit tests failed
     Execution halted
Flavor: r-devel-windows-ix86+x86_64

Version: 4.9.1
Check: tests
Result: ERROR
     Running 'testthat.R' [110s]
    Running the tests in 'tests/testthat.R' failed.
    Complete output:
     > library("testthat")
     > library("plotly")
     Loading required package: ggplot2
    
     Attaching package: 'plotly'
    
     The following object is masked from 'package:ggplot2':
    
     last_plot
    
     The following object is masked from 'package:stats':
    
     filter
    
     The following object is masked from 'package:graphics':
    
     layout
    
     >
     > test_check("plotly")
     Visual testing is not enabled.
     -- 1. Error: plot_ly() defaults to blank axes (@test-plotly-sf.R#102) ---------
     not implemented for objects of class sfc_GEOMETRYCOLLECTION
     Backtrace:
     1. plotly::plot_ly()
     8. plotly::add_sf(...)
     9. plotly:::to_basic.GeomSf(dat)
     12. plotly:::fortify_sf(d[[i]])
     14. sf:::st_coordinates.sfc(model$geometry)
    
     == testthat results ===========================================================
     [ OK: 1370 | SKIPPED: 45 | WARNINGS: 74 | FAILED: 1 ]
     1. Error: plot_ly() defaults to blank axes (@test-plotly-sf.R#102)
    
     Error: testthat unit tests failed
     Execution halted
Flavor: r-release-windows-ix86+x86_64

Version: 4.9.1
Check: tests
Result: ERROR
     Running 'testthat.R' [103s]
    Running the tests in 'tests/testthat.R' failed.
    Complete output:
     > library("testthat")
     > library("plotly")
     Loading required package: ggplot2
    
     Attaching package: 'plotly'
    
     The following object is masked from 'package:ggplot2':
    
     last_plot
    
     The following object is masked from 'package:stats':
    
     filter
    
     The following object is masked from 'package:graphics':
    
     layout
    
     >
     > test_check("plotly")
     Visual testing is not enabled.
     -- 1. Error: plot_ly() defaults to blank axes (@test-plotly-sf.R#102) ---------
     not implemented for objects of class sfc_GEOMETRYCOLLECTION
     Backtrace:
     1. plotly::plot_ly()
     8. plotly::add_sf(...)
     9. plotly:::to_basic.GeomSf(dat)
     12. plotly:::fortify_sf(d[[i]])
     14. sf:::st_coordinates.sfc(model$geometry)
    
     == testthat results ===========================================================
     [ OK: 1370 | SKIPPED: 45 | WARNINGS: 74 | FAILED: 1 ]
     1. Error: plot_ly() defaults to blank axes (@test-plotly-sf.R#102)
    
     Error: testthat unit tests failed
     Execution halted
Flavor: r-oldrel-windows-ix86+x86_64