Last updated on 2020-02-15 01:01:35 CET.
Flavor | Version | Tinstall | Tcheck | Ttotal | Status | Flags |
---|---|---|---|---|---|---|
r-devel-linux-x86_64-debian-clang | 0.1.3 | 2.03 | 22.74 | 24.77 | OK | |
r-devel-linux-x86_64-debian-gcc | 0.1.3 | 1.64 | 18.27 | 19.91 | OK | |
r-devel-linux-x86_64-fedora-clang | 0.1.3 | 30.75 | NOTE | |||
r-devel-linux-x86_64-fedora-gcc | 0.1.3 | 29.88 | NOTE | |||
r-devel-windows-ix86+x86_64 | 0.1.3 | 6.00 | 50.00 | 56.00 | OK | |
r-devel-windows-ix86+x86_64-gcc8 | 0.1.3 | 8.00 | 45.00 | 53.00 | OK | |
r-patched-linux-x86_64 | 0.1.3 | 1.49 | 21.01 | 22.50 | OK | |
r-patched-solaris-x86 | 0.1.3 | 49.10 | NOTE | |||
r-release-linux-x86_64 | 0.1.3 | 1.68 | 21.11 | 22.79 | OK | |
r-release-windows-ix86+x86_64 | 0.1.3 | 4.00 | 42.00 | 46.00 | OK | |
r-release-osx-x86_64 | 0.1.3 | NOTE | ||||
r-oldrel-windows-ix86+x86_64 | 0.1.3 | 3.00 | 41.00 | 44.00 | OK | |
r-oldrel-osx-x86_64 | 0.1.3 | NOTE |
Version: 0.1.3
Check: data for non-ASCII characters
Result: NOTE
Note: found 9 marked UTF-8 strings
Flavors: r-devel-linux-x86_64-fedora-clang, r-devel-linux-x86_64-fedora-gcc, r-patched-solaris-x86, r-release-osx-x86_64, r-oldrel-osx-x86_64