Last updated on 2020-02-15 01:01:35 CET.
Flavor | Version | Tinstall | Tcheck | Ttotal | Status | Flags |
---|---|---|---|---|---|---|
r-devel-linux-x86_64-debian-clang | 2.6 | 28.28 | 104.95 | 133.23 | ERROR | |
r-devel-linux-x86_64-debian-gcc | 2.6 | 22.03 | 73.11 | 95.14 | OK | |
r-devel-linux-x86_64-fedora-clang | 2.6 | 150.00 | OK | |||
r-devel-linux-x86_64-fedora-gcc | 2.6 | 142.85 | OK | |||
r-devel-windows-ix86+x86_64 | 2.6 | 70.00 | 214.00 | 284.00 | OK | |
r-devel-windows-ix86+x86_64-gcc8 | 2.4 | 92.00 | 195.00 | 287.00 | OK | |
r-patched-linux-x86_64 | 2.6 | 19.25 | 85.71 | 104.96 | OK | |
r-patched-solaris-x86 | 2.6 | 224.10 | OK | |||
r-release-linux-x86_64 | 2.6 | 22.38 | 86.67 | 109.05 | OK | |
r-release-windows-ix86+x86_64 | 2.6 | 59.00 | 174.00 | 233.00 | OK | |
r-release-osx-x86_64 | 2.6 | OK | ||||
r-oldrel-windows-ix86+x86_64 | 2.6 | 74.00 | 218.00 | 292.00 | OK | |
r-oldrel-osx-x86_64 | 2.6 | OK |
Version: 2.6
Check: PDF version of manual
Result: WARN
LaTeX errors when creating PDF version.
This typically indicates Rd problems.
LaTeX errors found:
! Package inputenc Error: Unicode character Â<c2><80> (U+0080)
(inputenc) not set up for use with LaTeX.
See the inputenc package documentation for explanation.
Type H <return> for immediate help.
! Package inputenc Error: Unicode character Â<c2><93> (U+0093)
(inputenc) not set up for use with LaTeX.
See the inputenc package documentation for explanation.
Type H <return> for immediate help.
Flavor: r-devel-linux-x86_64-debian-clang
Version: 2.6
Check: PDF version of manual without hyperrefs or index
Result: ERROR
Flavor: r-devel-linux-x86_64-debian-clang
Version: 2.6
Check: for non-standard things in the check directory
Result: NOTE
Found the following files/directories:
'pomp-manual.tex'
Flavor: r-devel-linux-x86_64-debian-clang