Last updated on 2020-02-15 01:01:35 CET.
Flavor | Version | Tinstall | Tcheck | Ttotal | Status | Flags |
---|---|---|---|---|---|---|
r-devel-linux-x86_64-debian-clang | 0.99.23 | 8.09 | 100.71 | 108.80 | OK | |
r-devel-linux-x86_64-debian-gcc | 0.99.23 | 7.31 | 74.97 | 82.28 | OK | |
r-devel-linux-x86_64-fedora-clang | 0.99.23 | 132.06 | OK | |||
r-devel-linux-x86_64-fedora-gcc | 0.99.23 | 129.82 | OK | |||
r-devel-windows-ix86+x86_64 | 0.99.23 | 19.00 | 131.00 | 150.00 | OK | |
r-devel-windows-ix86+x86_64-gcc8 | 0.99.23 | 26.00 | 127.00 | 153.00 | OK | |
r-patched-linux-x86_64 | 0.99.23 | 6.37 | 85.91 | 92.28 | OK | |
r-patched-solaris-x86 | 0.99.23 | 173.50 | OK | |||
r-release-linux-x86_64 | 0.99.23 | 6.28 | 84.22 | 90.50 | OK | |
r-release-windows-ix86+x86_64 | 0.99.23 | 16.00 | 108.00 | 124.00 | OK | |
r-release-osx-x86_64 | 0.99.23 | NOTE | ||||
r-oldrel-windows-ix86+x86_64 | 0.99.23 | 10.00 | 107.00 | 117.00 | OK | |
r-oldrel-osx-x86_64 | 0.99.23 | NOTE |
Version: 0.99.23
Check: package dependencies
Result: NOTE
Package suggested but not available for checking: ‘VariantAnnotation’
Flavors: r-release-osx-x86_64, r-oldrel-osx-x86_64