Last updated on 2020-02-15 01:01:35 CET.
Flavor | Version | Tinstall | Tcheck | Ttotal | Status | Flags |
---|---|---|---|---|---|---|
r-devel-linux-x86_64-debian-clang | 0.0.4 | 50.38 | 33.53 | 83.91 | OK | |
r-devel-linux-x86_64-debian-gcc | 0.0.4 | 38.05 | 26.52 | 64.57 | OK | |
r-devel-linux-x86_64-fedora-clang | 0.0.4 | 123.01 | NOTE | |||
r-devel-linux-x86_64-fedora-gcc | 0.0.4 | 112.61 | OK | |||
r-devel-windows-ix86+x86_64 | 0.0.4 | 93.00 | 86.00 | 179.00 | OK | |
r-devel-windows-ix86+x86_64-gcc8 | 0.0.4 | 121.00 | 82.00 | 203.00 | OK | |
r-patched-linux-x86_64 | 0.0.4 | 39.34 | 30.55 | 69.89 | OK | |
r-patched-solaris-x86 | 0.0.4 | 114.30 | OK | |||
r-release-linux-x86_64 | 0.0.4 | 42.10 | 30.31 | 72.41 | OK | |
r-release-windows-ix86+x86_64 | 0.0.4 | 87.00 | 70.00 | 157.00 | OK | |
r-release-osx-x86_64 | 0.0.4 | NOTE | ||||
r-oldrel-windows-ix86+x86_64 | 0.0.4 | 71.00 | 87.00 | 158.00 | OK | |
r-oldrel-osx-x86_64 | 0.0.4 | NOTE |
Version: 0.0.4
Check: installed package size
Result: NOTE
installed size is 6.0Mb
sub-directories of 1Mb or more:
libs 5.8Mb
Flavors: r-devel-linux-x86_64-fedora-clang, r-release-osx-x86_64, r-oldrel-osx-x86_64