CRAN Package Check Results for Package prcr

Last updated on 2020-02-15 01:01:35 CET.

Flavor Version Tinstall Tcheck Ttotal Status Flags
r-devel-linux-x86_64-debian-clang 0.2.1 5.04 49.87 54.91 OK
r-devel-linux-x86_64-debian-gcc 0.2.1 4.22 38.47 42.69 OK
r-devel-linux-x86_64-fedora-clang 0.2.1 69.58 NOTE
r-devel-linux-x86_64-fedora-gcc 0.2.1 64.08 NOTE
r-devel-windows-ix86+x86_64 0.1.5 8.00 49.00 57.00 WARN
r-devel-windows-ix86+x86_64-gcc8 0.1.5 11.00 44.00 55.00 WARN
r-patched-linux-x86_64 0.2.1 3.98 44.76 48.74 OK
r-patched-solaris-x86 0.2.1 102.50 NOTE
r-release-linux-x86_64 0.2.1 4.42 43.79 48.21 OK
r-release-windows-ix86+x86_64 0.2.1 10.00 57.00 67.00 OK
r-release-osx-x86_64 0.2.1 NOTE
r-oldrel-windows-ix86+x86_64 0.2.1 8.00 74.00 82.00 OK
r-oldrel-osx-x86_64 0.2.1 NOTE

Check Details

Version: 0.2.1
Check: dependencies in R code
Result: NOTE
    Namespaces in Imports field not imported from:
     ‘class’ ‘forcats’ ‘irr’ ‘lpSolve’ ‘purrr’
     All declared Imports should be used.
Flavors: r-devel-linux-x86_64-fedora-clang, r-devel-linux-x86_64-fedora-gcc, r-patched-solaris-x86, r-release-osx-x86_64, r-oldrel-osx-x86_64

Version: 0.1.5
Check: re-building of vignette outputs
Result: WARN
    Error(s) in re-building vignettes:
    --- re-building 'introduction_to_prcr.Rmd' using rmarkdown
    ################################
    Clustering data for iteration 2
    Clustering data for iteration 3
    Clustering data for iteration 4
    ################################
    ################################
    ################################
    Clustering data for iteration 1
    Quitting from lines 62-70 (introduction_to_prcr.Rmd)
    Error: processing vignette 'introduction_to_prcr.Rmd' failed with diagnostics:
    Can't subset columns that don't exist.
    x The columns `2`, `2`, `1`, `2`, `2`, etc. don't exist.
    --- failed re-building 'introduction_to_prcr.Rmd'
    
    SUMMARY: processing the following file failed:
     'introduction_to_prcr.Rmd'
    
    Error: Vignette re-building failed.
    Execution halted
Flavor: r-devel-windows-ix86+x86_64

Version: 0.1.5
Check: re-building of vignette outputs
Result: WARN
    Error(s) in re-building vignettes:
    --- re-building 'introduction_to_prcr.Rmd' using rmarkdown
    ################################
    Clustering data for iteration 2
    Clustering data for iteration 3
    Clustering data for iteration 4
    ################################
    ################################
    ################################
    Clustering data for iteration 1
    
    Could not calculate agreement because k-means algorithm did not converge
    Clustering data for iteration 2
    Quitting from lines 62-70 (introduction_to_prcr.Rmd)
    Error: processing vignette 'introduction_to_prcr.Rmd' failed with diagnostics:
    Can't subset columns that don't exist.
    x The columns `1`, `1`, `1`, `2`, `2`, etc. don't exist.
    --- failed re-building 'introduction_to_prcr.Rmd'
    
    SUMMARY: processing the following file failed:
     'introduction_to_prcr.Rmd'
    
    Error: Vignette re-building failed.
    Execution halted
Flavor: r-devel-windows-ix86+x86_64-gcc8