Last updated on 2020-02-15 01:01:35 CET.
Flavor | Version | Tinstall | Tcheck | Ttotal | Status | Flags |
---|---|---|---|---|---|---|
r-devel-linux-x86_64-debian-clang | 1.1.0 | 2.45 | 17.77 | 20.22 | OK | |
r-devel-linux-x86_64-debian-gcc | 1.1.0 | 1.91 | 14.11 | 16.02 | OK | |
r-devel-linux-x86_64-fedora-clang | 1.1.0 | 25.23 | NOTE | |||
r-devel-linux-x86_64-fedora-gcc | 1.1.0 | 24.26 | NOTE | |||
r-devel-windows-ix86+x86_64 | 1.1.0 | 9.00 | 41.00 | 50.00 | OK | |
r-devel-windows-ix86+x86_64-gcc8 | 1.1.0 | 19.00 | 37.00 | 56.00 | OK | |
r-patched-linux-x86_64 | 1.1.0 | 1.77 | 16.23 | 18.00 | OK | |
r-patched-solaris-x86 | 1.1.0 | 38.00 | NOTE | |||
r-release-linux-x86_64 | 1.1.0 | 1.49 | 16.34 | 17.83 | OK | |
r-release-windows-ix86+x86_64 | 1.1.0 | 8.00 | 29.00 | 37.00 | OK | |
r-release-osx-x86_64 | 1.1.0 | NOTE | ||||
r-oldrel-windows-ix86+x86_64 | 1.1.0 | 3.00 | 30.00 | 33.00 | OK | |
r-oldrel-osx-x86_64 | 1.1.0 | NOTE |
Version: 1.1.0
Check: package dependencies
Result: NOTE
Imports includes 21 non-default packages.
Importing from so many packages makes the package vulnerable to any of
them becoming unavailable. Move as many as possible to Suggests and
use conditionally.
Flavor: r-devel-linux-x86_64-fedora-clang
Version: 1.1.0
Check: dependencies in R code
Result: NOTE
Namespaces in Imports field not imported from:
‘DT’ ‘ROCR’ ‘ada’ ‘colourpicker’ ‘corrplot’ ‘e1071’ ‘flexdashboard’
‘glmnet’ ‘kknn’ ‘neuralnet’ ‘randomForest’ ‘rattle’ ‘rpart’
‘shinyAce’ ‘shinyWidgets’ ‘shinydashboardPlus’ ‘shinyjs’ ‘tidyverse’
‘xgboost’ ‘zip’
All declared Imports should be used.
Flavors: r-devel-linux-x86_64-fedora-clang, r-devel-linux-x86_64-fedora-gcc, r-patched-solaris-x86, r-release-osx-x86_64, r-oldrel-osx-x86_64