Last updated on 2020-02-15 01:01:35 CET.
Flavor | Version | Tinstall | Tcheck | Ttotal | Status | Flags |
---|---|---|---|---|---|---|
r-devel-linux-x86_64-debian-clang | 0.2.0 | 4.86 | 193.30 | 198.16 | OK | |
r-devel-linux-x86_64-debian-gcc | 0.2.0 | 3.67 | 152.41 | 156.08 | OK | |
r-devel-linux-x86_64-fedora-clang | 0.2.0 | 230.39 | NOTE | |||
r-devel-linux-x86_64-fedora-gcc | 0.2.0 | 223.67 | NOTE | |||
r-devel-windows-ix86+x86_64 | 0.2.0 | 15.00 | 225.00 | 240.00 | OK | |
r-devel-windows-ix86+x86_64-gcc8 | 0.2.0 | 26.00 | 207.00 | 233.00 | OK | |
r-patched-linux-x86_64 | 0.2.0 | 3.83 | 172.33 | 176.16 | OK | |
r-patched-solaris-x86 | 0.2.0 | 307.30 | NOTE | |||
r-release-linux-x86_64 | 0.2.0 | 4.42 | 176.22 | 180.64 | OK | |
r-release-windows-ix86+x86_64 | 0.2.0 | 13.00 | 180.00 | 193.00 | OK | |
r-release-osx-x86_64 | 0.2.0 | NOTE | ||||
r-oldrel-windows-ix86+x86_64 | 0.2.0 | 5.00 | 183.00 | 188.00 | OK | |
r-oldrel-osx-x86_64 | 0.2.0 | NOTE |
Version: 0.2.0
Check: dependencies in R code
Result: NOTE
Namespace in Imports field not imported from: ‘e1071’
All declared Imports should be used.
Flavors: r-devel-linux-x86_64-fedora-clang, r-devel-linux-x86_64-fedora-gcc, r-patched-solaris-x86, r-release-osx-x86_64, r-oldrel-osx-x86_64