CRAN Package Check Results for Package prisonbrief

Last updated on 2020-02-15 01:01:35 CET.

Flavor Version Tinstall Tcheck Ttotal Status Flags
r-devel-linux-x86_64-debian-clang 0.1.0 7.50 58.77 66.27 OK
r-devel-linux-x86_64-debian-gcc 0.1.0 6.12 44.72 50.84 OK
r-devel-linux-x86_64-fedora-clang 0.1.0 80.97 NOTE
r-devel-linux-x86_64-fedora-gcc 0.1.0 78.17 NOTE
r-devel-windows-ix86+x86_64 0.1.0 16.00 85.00 101.00 OK
r-devel-windows-ix86+x86_64-gcc8 0.1.0 21.00 73.00 94.00 OK
r-patched-linux-x86_64 0.1.0 6.51 50.55 57.06 OK
r-patched-solaris-x86 0.1.0 128.80 NOTE
r-release-linux-x86_64 0.1.0 6.77 50.20 56.97 OK
r-release-windows-ix86+x86_64 0.1.0 14.00 70.00 84.00 OK
r-release-osx-x86_64 0.1.0 NOTE
r-oldrel-windows-ix86+x86_64 0.1.0 9.00 63.00 72.00 OK
r-oldrel-osx-x86_64 0.1.0 NOTE

Check Details

Version: 0.1.0
Check: data for non-ASCII characters
Result: NOTE
     Note: found 2 marked UTF-8 strings
Flavors: r-devel-linux-x86_64-fedora-clang, r-devel-linux-x86_64-fedora-gcc, r-patched-solaris-x86, r-release-osx-x86_64, r-oldrel-osx-x86_64