Last updated on 2020-02-15 01:01:35 CET.
Flavor | Version | Tinstall | Tcheck | Ttotal | Status | Flags |
---|---|---|---|---|---|---|
r-devel-linux-x86_64-debian-clang | 0.2.3 | 26.18 | 198.22 | 224.40 | OK | |
r-devel-linux-x86_64-debian-gcc | 0.2.3 | 24.65 | 150.07 | 174.72 | OK | |
r-devel-linux-x86_64-fedora-clang | 0.2.3 | 267.94 | OK | |||
r-devel-linux-x86_64-fedora-gcc | 0.2.3 | 261.66 | OK | |||
r-devel-windows-ix86+x86_64 | 0.2.3 | 64.00 | 262.00 | 326.00 | OK | |
r-devel-windows-ix86+x86_64-gcc8 | 0.2.3 | 83.00 | 233.00 | 316.00 | OK | |
r-patched-linux-x86_64 | 0.2.3 | 24.29 | 173.98 | 198.27 | OK | |
r-patched-solaris-x86 | 0.2.3 | 335.40 | OK | |||
r-release-linux-x86_64 | 0.2.3 | 24.14 | 172.38 | 196.52 | OK | |
r-release-windows-ix86+x86_64 | 0.2.3 | 54.00 | 206.00 | 260.00 | OK | |
r-release-osx-x86_64 | 0.2.3 | WARN | ||||
r-oldrel-windows-ix86+x86_64 | 0.2.3 | 41.00 | 188.00 | 229.00 | OK | |
r-oldrel-osx-x86_64 | 0.2.3 | WARN |
Version: 0.2.3
Check: whether package can be installed
Result: WARN
Found the following significant warnings:
Warning: 'rgl_init' failed, running with rgl.useNULL = TRUE
Flavors: r-release-osx-x86_64, r-oldrel-osx-x86_64
Version: 0.2.3
Check: dependencies in R code
Result: NOTE
No protocol specified
Flavors: r-release-osx-x86_64, r-oldrel-osx-x86_64
Version: 0.2.3
Check: S3 generic/method consistency
Result: WARN
No protocol specified
See section ‘Generic functions and methods’ in the ‘Writing R
Extensions’ manual.
Flavors: r-release-osx-x86_64, r-oldrel-osx-x86_64
Version: 0.2.3
Check: replacement functions
Result: WARN
No protocol specified
The argument of a replacement function which corresponds to the right
hand side must be named ‘value’.
Flavors: r-release-osx-x86_64, r-oldrel-osx-x86_64
Version: 0.2.3
Check: foreign function calls
Result: NOTE
No protocol specified
See chapter ‘System and foreign language interfaces’ in the ‘Writing R
Extensions’ manual.
Flavors: r-release-osx-x86_64, r-oldrel-osx-x86_64
Version: 0.2.3
Check: R code for possible problems
Result: NOTE
No protocol specified
Flavors: r-release-osx-x86_64, r-oldrel-osx-x86_64
Version: 0.2.3
Check: for missing documentation entries
Result: WARN
No protocol specified
All user-level objects in a package should have documentation entries.
See chapter ‘Writing R documentation files’ in the ‘Writing R
Extensions’ manual.
Flavors: r-release-osx-x86_64, r-oldrel-osx-x86_64
Version: 0.2.3
Check: for code/documentation mismatches
Result: WARN
No protocol specified
No protocol specified
No protocol specified
Flavors: r-release-osx-x86_64, r-oldrel-osx-x86_64
Version: 0.2.3
Check: Rd \usage sections
Result: NOTE
No protocol specified
The \usage entries for S3 methods should use the \method markup and not
their full name.
See chapter ‘Writing R documentation files’ in the ‘Writing R
Extensions’ manual.
Flavors: r-release-osx-x86_64, r-oldrel-osx-x86_64