CRAN Package Check Results for Package proftools

Last updated on 2020-02-15 01:01:35 CET.

Flavor Version Tinstall Tcheck Ttotal Status Flags
r-devel-linux-x86_64-debian-clang 0.99-2 4.41 82.95 87.36 OK
r-devel-linux-x86_64-debian-gcc 0.99-2 4.45 63.72 68.17 OK
r-devel-linux-x86_64-fedora-clang 0.99-2 106.68 OK
r-devel-linux-x86_64-fedora-gcc 0.99-2 106.18 OK
r-devel-windows-ix86+x86_64 0.99-2 9.00 110.00 119.00 OK
r-devel-windows-ix86+x86_64-gcc8 0.99-2 13.00 101.00 114.00 OK
r-patched-linux-x86_64 0.99-2 3.77 76.97 80.74 OK
r-patched-solaris-x86 0.99-2 133.30 OK
r-release-linux-x86_64 0.99-2 4.08 77.36 81.44 OK
r-release-windows-ix86+x86_64 0.99-2 7.00 91.00 98.00 OK
r-release-osx-x86_64 0.99-2 ERROR
r-oldrel-windows-ix86+x86_64 0.99-2 5.00 123.00 128.00 OK
r-oldrel-osx-x86_64 0.99-2 OK

Check Details

Version: 0.99-2
Check: package dependencies
Result: NOTE
    Packages suggested but not available for checking: 'graph', 'Rgraphviz'
Flavor: r-release-osx-x86_64

Version: 0.99-2
Check: examples
Result: ERROR
    Running examples in ‘proftools-Ex.R’ failed
    The error most likely occurred in:
    
    > ### Name: filterProfileData
    > ### Title: Filter Profile Data
    > ### Aliases: filterProfileData
    > ### Keywords: programming utilities
    >
    > ### ** Examples
    >
    > pd <- readProfileData(system.file("samples", "glmEx.out", package="proftools"))
    > plotProfileCallGraph(pd)
    Error in loadNamespace(name) : there is no package called ‘graph’
    Calls: plotProfileCallGraph ... loadNamespace -> withRestarts -> withOneRestart -> doWithOneRestart
    Execution halted
Flavor: r-release-osx-x86_64

Version: 0.99-2
Check: re-building of vignette outputs
Result: WARN
    Error(s) in re-building vignettes:
     ...
    --- re-building ‘proftools.Rnw’ using knitr
    Quitting from lines 221-222 (proftools.Rnw)
    Error: processing vignette 'proftools.Rnw' failed with diagnostics:
    there is no package called 'graph'
    --- failed re-building ‘proftools.Rnw’
    
    SUMMARY: processing the following file failed:
     ‘proftools.Rnw’
    
    Error: Vignette re-building failed.
    Execution halted
Flavor: r-release-osx-x86_64