Last updated on 2020-02-15 01:01:35 CET.
Flavor | Version | Tinstall | Tcheck | Ttotal | Status | Flags |
---|---|---|---|---|---|---|
r-devel-linux-x86_64-debian-clang | 1.0-8.1 | 5.81 | 19.36 | 25.17 | WARN | |
r-devel-linux-x86_64-debian-gcc | 1.0-8.1 | 3.29 | 15.43 | 18.72 | WARN | |
r-devel-linux-x86_64-fedora-clang | 1.0-8.1 | 31.49 | WARN | |||
r-devel-linux-x86_64-fedora-gcc | 1.0-8.1 | 28.73 | WARN | |||
r-devel-windows-ix86+x86_64 | 1.0-8.1 | 8.00 | 42.00 | 50.00 | NOTE | |
r-devel-windows-ix86+x86_64-gcc8 | 1.0-8.1 | 10.00 | 37.00 | 47.00 | NOTE | |
r-patched-linux-x86_64 | 1.0-8.1 | 3.44 | 18.14 | 21.58 | NOTE | |
r-patched-solaris-x86 | 1.0-8.1 | 37.50 | NOTE | |||
r-release-linux-x86_64 | 1.0-8.1 | 3.22 | 17.77 | 20.99 | NOTE | |
r-release-windows-ix86+x86_64 | 1.0-8.1 | 7.00 | 36.00 | 43.00 | NOTE | |
r-release-osx-x86_64 | 1.0-8.1 | NOTE | ||||
r-oldrel-windows-ix86+x86_64 | 1.0-8.1 | 6.00 | 34.00 | 40.00 | NOTE | |
r-oldrel-osx-x86_64 | 1.0-8.1 | NOTE |
Version: 1.0-8.1
Check: whether package can be installed
Result: WARN
Found the following significant warnings:
'config' variable 'CPP' is deprecated
Flavors: r-devel-linux-x86_64-debian-clang, r-devel-linux-x86_64-debian-gcc, r-devel-linux-x86_64-fedora-clang, r-devel-linux-x86_64-fedora-gcc
Version: 1.0-8.1
Check: R code for possible problems
Result: NOTE
NB: .First.lib is obsolete and will not be used in R >= 3.0.0
Flavors: r-devel-linux-x86_64-debian-clang, r-devel-linux-x86_64-debian-gcc, r-devel-linux-x86_64-fedora-clang, r-devel-linux-x86_64-fedora-gcc, r-devel-windows-ix86+x86_64, r-devel-windows-ix86+x86_64-gcc8, r-patched-linux-x86_64, r-patched-solaris-x86, r-release-linux-x86_64, r-release-windows-ix86+x86_64, r-release-osx-x86_64, r-oldrel-windows-ix86+x86_64, r-oldrel-osx-x86_64
Version: 1.0-8.1
Check: compiled code
Result: NOTE
File ‘proj4/libs/proj4.so’:
Found no calls to: ‘R_registerRoutines’, ‘R_useDynamicSymbols’
It is good practice to register native routines and to disable symbol
search.
See ‘Writing portable packages’ in the ‘Writing R Extensions’ manual.
Flavors: r-devel-linux-x86_64-fedora-clang, r-devel-linux-x86_64-fedora-gcc