CRAN Package Check Results for Package projections

Last updated on 2020-02-15 01:01:35 CET.

Flavor Version Tinstall Tcheck Ttotal Status Flags
r-devel-linux-x86_64-debian-clang 0.3.1 2.20 28.94 31.14 OK
r-devel-linux-x86_64-debian-gcc 0.3.1 2.04 22.50 24.54 OK
r-devel-linux-x86_64-fedora-clang 0.3.1 37.88 NOTE
r-devel-linux-x86_64-fedora-gcc 0.3.1 36.71 NOTE
r-devel-windows-ix86+x86_64 0.3.1 9.00 50.00 59.00 OK
r-devel-windows-ix86+x86_64-gcc8 0.3.1 10.00 41.00 51.00 OK
r-patched-linux-x86_64 0.3.1 2.06 26.60 28.66 OK
r-patched-solaris-x86 0.3.1 50.20 NOTE
r-release-linux-x86_64 0.3.1 2.01 25.69 27.70 OK
r-release-windows-ix86+x86_64 0.3.1 5.00 43.00 48.00 OK
r-release-osx-x86_64 0.3.1 NOTE
r-oldrel-windows-ix86+x86_64 0.3.1 3.00 38.00 41.00 OK
r-oldrel-osx-x86_64 0.3.1 NOTE

Check Details

Version: 0.3.1
Check: dependencies in R code
Result: NOTE
    Namespace in Imports field not imported from: ‘distcrete’
     All declared Imports should be used.
Flavors: r-devel-linux-x86_64-fedora-clang, r-devel-linux-x86_64-fedora-gcc, r-patched-solaris-x86, r-release-osx-x86_64, r-oldrel-osx-x86_64