Last updated on 2020-02-15 01:01:35 CET.
Flavor | Version | Tinstall | Tcheck | Ttotal | Status | Flags |
---|---|---|---|---|---|---|
r-devel-linux-x86_64-debian-clang | 4.2.6 | 74.24 | 151.03 | 225.27 | NOTE | |
r-devel-linux-x86_64-debian-gcc | 4.2.6 | 49.60 | 110.71 | 160.31 | NOTE | |
r-devel-linux-x86_64-fedora-clang | 4.2.6 | 278.16 | NOTE | |||
r-devel-linux-x86_64-fedora-gcc | 4.2.6 | 275.84 | NOTE | |||
r-devel-windows-ix86+x86_64 | 4.2.6 | 143.00 | 219.00 | 362.00 | NOTE | |
r-devel-windows-ix86+x86_64-gcc8 | 4.2.6 | 173.00 | 196.00 | 369.00 | NOTE | |
r-patched-linux-x86_64 | 4.2.6 | 57.89 | 136.09 | 193.98 | NOTE | |
r-patched-solaris-x86 | 4.2.6 | 295.90 | NOTE | |||
r-release-linux-x86_64 | 4.2.6 | 58.25 | 135.77 | 194.02 | NOTE | |
r-release-windows-ix86+x86_64 | 4.2.6 | 122.00 | 181.00 | 303.00 | NOTE | |
r-release-osx-x86_64 | 4.2.6 | NOTE | ||||
r-oldrel-windows-ix86+x86_64 | 4.2.6 | 112.00 | 164.00 | 276.00 | NOTE | |
r-oldrel-osx-x86_64 | 4.2.6 | NOTE |
Version: 4.2.6
Check: package dependencies
Result: NOTE
Package suggested but not available for checking: 'SDMTools'
Flavors: r-devel-linux-x86_64-debian-clang, r-devel-linux-x86_64-debian-gcc, r-devel-linux-x86_64-fedora-clang, r-devel-linux-x86_64-fedora-gcc, r-patched-linux-x86_64, r-patched-solaris-x86, r-release-linux-x86_64
Version: 4.2.6
Check: installed package size
Result: NOTE
installed size is 6.2Mb
sub-directories of 1Mb or more:
data 1.5Mb
doc 1.4Mb
libs 2.8Mb
Flavors: r-devel-linux-x86_64-fedora-clang, r-devel-windows-ix86+x86_64, r-devel-windows-ix86+x86_64-gcc8, r-release-windows-ix86+x86_64, r-release-osx-x86_64, r-oldrel-windows-ix86+x86_64, r-oldrel-osx-x86_64
Version: 4.2.6
Check: dependencies in R code
Result: NOTE
Namespace in Imports field not imported from: ‘utils’
All declared Imports should be used.
Flavors: r-devel-linux-x86_64-fedora-clang, r-devel-linux-x86_64-fedora-gcc, r-patched-solaris-x86, r-release-osx-x86_64, r-oldrel-osx-x86_64
Version: 4.2.6
Check: package dependencies
Result: NOTE
Package suggested but not available for checking: ‘ALDEx2’
Flavors: r-release-osx-x86_64, r-oldrel-osx-x86_64