Last updated on 2020-02-15 01:01:35 CET.
Flavor | Version | Tinstall | Tcheck | Ttotal | Status | Flags |
---|---|---|---|---|---|---|
r-devel-linux-x86_64-debian-clang | 2.1 | 68.74 | 28.43 | 97.17 | OK | |
r-devel-linux-x86_64-debian-gcc | 2.1 | 47.02 | 22.46 | 69.48 | OK | |
r-devel-linux-x86_64-fedora-clang | 2.1 | 138.29 | OK | |||
r-devel-linux-x86_64-fedora-gcc | 2.1 | 131.03 | OK | |||
r-devel-windows-ix86+x86_64 | 2.1 | 166.00 | 90.00 | 256.00 | OK | |
r-devel-windows-ix86+x86_64-gcc8 | 2.1 | 205.00 | 77.00 | 282.00 | OK | |
r-patched-linux-x86_64 | 2.1 | 58.26 | 25.80 | 84.06 | OK | |
r-patched-solaris-x86 | 2.1 | 120.40 | NOTE | |||
r-release-linux-x86_64 | 2.1 | 56.53 | 25.77 | 82.30 | OK | |
r-release-windows-ix86+x86_64 | 2.1 | 154.00 | 70.00 | 224.00 | OK | |
r-release-osx-x86_64 | 2.1 | NOTE | ||||
r-oldrel-windows-ix86+x86_64 | 2.1 | 183.00 | 97.00 | 280.00 | OK | |
r-oldrel-osx-x86_64 | 2.1 | NOTE |
Version: 2.1
Check: package dependencies
Result: NOTE
Package suggested but not available for checking: ‘RProtoBuf’
Flavor: r-patched-solaris-x86
Version: 2.1
Check: Rd cross-references
Result: NOTE
Package unavailable to check Rd xrefs: ‘RProtoBuf’
Flavor: r-patched-solaris-x86
Version: 2.1
Check: installed package size
Result: NOTE
installed size is 5.8Mb
sub-directories of 1Mb or more:
libs 5.7Mb
Flavors: r-release-osx-x86_64, r-oldrel-osx-x86_64