CRAN Package Check Results for Package qqplotr

Last updated on 2020-02-15 01:01:36 CET.

Flavor Version Tinstall Tcheck Ttotal Status Flags
r-devel-linux-x86_64-debian-clang 0.0.4 6.54 61.40 67.94 OK
r-devel-linux-x86_64-debian-gcc 0.0.4 5.39 46.04 51.43 OK
r-devel-linux-x86_64-fedora-clang 0.0.4 79.83 NOTE
r-devel-linux-x86_64-fedora-gcc 0.0.4 78.05 NOTE
r-devel-windows-ix86+x86_64 0.0.4 16.00 85.00 101.00 OK
r-devel-windows-ix86+x86_64-gcc8 0.0.3 24.00 68.00 92.00 OK
r-patched-linux-x86_64 0.0.4 5.14 53.49 58.63 OK
r-patched-solaris-x86 0.0.4 109.70 NOTE
r-release-linux-x86_64 0.0.4 4.86 53.94 58.80 OK
r-release-windows-ix86+x86_64 0.0.4 12.00 75.00 87.00 OK
r-release-osx-x86_64 0.0.4 NOTE
r-oldrel-windows-ix86+x86_64 0.0.4 10.00 93.00 103.00 OK
r-oldrel-osx-x86_64 0.0.4 NOTE

Check Details

Version: 0.0.4
Check: dependencies in R code
Result: NOTE
    Namespace in Imports field not imported from: ‘knitr’
     All declared Imports should be used.
Flavors: r-devel-linux-x86_64-fedora-clang, r-devel-linux-x86_64-fedora-gcc, r-patched-solaris-x86, r-release-osx-x86_64, r-oldrel-osx-x86_64