CRAN Package Check Results for Package quantmod

Last updated on 2020-02-15 01:01:36 CET.

Flavor Version Tinstall Tcheck Ttotal Status Flags
r-devel-linux-x86_64-debian-clang 0.4-15 14.43 82.32 96.75 NOTE
r-devel-linux-x86_64-debian-gcc 0.4-15 12.30 63.10 75.40 NOTE
r-devel-linux-x86_64-fedora-clang 0.4-15 116.19 OK
r-devel-linux-x86_64-fedora-gcc 0.4-15 115.70 OK
r-devel-windows-ix86+x86_64 0.4-15 26.00 110.00 136.00 OK
r-devel-windows-ix86+x86_64-gcc8 0.4-15 36.00 93.00 129.00 OK
r-patched-linux-x86_64 0.4-15 14.78 74.03 88.81 NOTE
r-patched-solaris-x86 0.4-15 137.80 OK
r-release-linux-x86_64 0.4-15 11.76 72.90 84.66 NOTE
r-release-windows-ix86+x86_64 0.4-15 26.00 89.00 115.00 OK
r-release-osx-x86_64 0.4-15 OK
r-oldrel-windows-ix86+x86_64 0.4-15 23.00 84.00 107.00 OK
r-oldrel-osx-x86_64 0.4-15 OK

Check Details

Version: 0.4-15
Check: R code for possible problems
Result: NOTE
    Found the following calls to attach():
    File 'quantmod/R/attachSymbols.R':
     attach(NULL, pos = pos, name = DB$name)
     attach(NULL, pos = pos, name = DB$name)
    See section 'Good practice' in '?attach'.
Flavors: r-devel-linux-x86_64-debian-clang, r-devel-linux-x86_64-debian-gcc, r-patched-linux-x86_64, r-release-linux-x86_64