Last updated on 2020-02-15 01:01:37 CET.
Flavor | Version | Tinstall | Tcheck | Ttotal | Status | Flags |
---|---|---|---|---|---|---|
r-devel-linux-x86_64-debian-clang | 0.2.0.1 | 42.12 | 138.78 | 180.90 | OK | |
r-devel-linux-x86_64-debian-gcc | 0.2.0.1 | 29.96 | 151.02 | 180.98 | OK | |
r-devel-linux-x86_64-fedora-clang | 0.2.0.1 | 205.00 | NOTE | |||
r-devel-linux-x86_64-fedora-gcc | 0.2.0.1 | 201.36 | OK | |||
r-devel-windows-ix86+x86_64 | 0.2.0.1 | 90.00 | 201.00 | 291.00 | NOTE | |
r-devel-windows-ix86+x86_64-gcc8 | 0.2.0.1 | 122.00 | 175.00 | 297.00 | NOTE | |
r-patched-linux-x86_64 | 0.2.0.1 | 33.39 | 122.43 | 155.82 | OK | |
r-patched-solaris-x86 | 0.2.0.1 | 188.00 | WARN | |||
r-release-linux-x86_64 | 0.2.0.1 | 36.55 | 120.56 | 157.11 | OK | |
r-release-windows-ix86+x86_64 | 0.2.0.1 | 73.00 | 164.00 | 237.00 | NOTE | |
r-release-osx-x86_64 | 0.2.0.1 | WARN | ||||
r-oldrel-windows-ix86+x86_64 | 0.2.0.1 | 67.00 | 155.00 | 222.00 | NOTE | |
r-oldrel-osx-x86_64 | 0.2.0.1 | WARN |
Version: 0.2.0.1
Check: installed package size
Result: NOTE
installed size is 9.5Mb
sub-directories of 1Mb or more:
doc 6.5Mb
libs 2.2Mb
Flavors: r-devel-linux-x86_64-fedora-clang, r-devel-windows-ix86+x86_64, r-devel-windows-ix86+x86_64-gcc8, r-patched-solaris-x86, r-release-windows-ix86+x86_64, r-release-osx-x86_64, r-oldrel-windows-ix86+x86_64, r-oldrel-osx-x86_64
Version: 0.2.0.1
Check: re-building of vignette outputs
Result: WARN
Error(s) in re-building vignettes:
...
--- re-building ‘getting-started.Rmd’ using rmarkdown
Warning in engine$weave(file, quiet = quiet, encoding = enc) :
Pandoc (>= 1.12.3) and/or pandoc-citeproc not available. Falling back to R Markdown v1.
Attaching package: 'rENA'
The following object is masked from 'package:methods':
show
Loading required package: ggplot2
Attaching package: 'plotly'
The following object is masked from 'package:ggplot2':
last_plot
The following object is masked from 'package:stats':
filter
The following object is masked from 'package:graphics':
layout
Quitting from lines 107-117 (getting-started.Rmd)
Error: processing vignette 'getting-started.Rmd' failed with diagnostics:
there is no package called 'webshot'
--- failed re-building ‘getting-started.Rmd’
--- re-building ‘means-rotation.Rmd’ using rmarkdown
Warning in engine$weave(file, quiet = quiet, encoding = enc) :
Pandoc (>= 1.12.3) and/or pandoc-citeproc not available. Falling back to R Markdown v1.
Loading required package: ggplot2
Attaching package: 'plotly'
The following object is masked from 'package:ggplot2':
last_plot
The following object is masked from 'package:stats':
filter
The following object is masked from 'package:graphics':
layout
Attaching package: 'rENA'
The following object is masked from 'package:methods':
show
Quitting from lines 56-82 (means-rotation.Rmd)
Error: processing vignette 'means-rotation.Rmd' failed with diagnostics:
there is no package called 'webshot'
--- failed re-building ‘means-rotation.Rmd’
SUMMARY: processing the following files failed:
‘getting-started.Rmd’ ‘means-rotation.Rmd’
Error: Vignette re-building failed.
Execution halted
Flavor: r-patched-solaris-x86
Version: 0.2.0.1
Check: re-building of vignette outputs
Result: WARN
Error(s) in re-building vignettes:
--- re-building ‘getting-started.Rmd’ using rmarkdown
Warning in engine$weave(file, quiet = quiet, encoding = enc) :
Pandoc (>= 1.12.3) and/or pandoc-citeproc not available. Falling back to R Markdown v1.
Attaching package: 'rENA'
The following object is masked from 'package:methods':
show
Loading required package: ggplot2
Attaching package: 'plotly'
The following object is masked from 'package:ggplot2':
last_plot
The following object is masked from 'package:stats':
filter
The following object is masked from 'package:graphics':
layout
Quitting from lines 107-117 (getting-started.Rmd)
Error: processing vignette 'getting-started.Rmd' failed with diagnostics:
cannot open the connection
--- failed re-building ‘getting-started.Rmd’
--- re-building ‘means-rotation.Rmd’ using rmarkdown
Warning in engine$weave(file, quiet = quiet, encoding = enc) :
Pandoc (>= 1.12.3) and/or pandoc-citeproc not available. Falling back to R Markdown v1.
Loading required package: ggplot2
Attaching package: 'plotly'
The following object is masked from 'package:ggplot2':
last_plot
The following object is masked from 'package:stats':
filter
The following object is masked from 'package:graphics':
layout
Attaching package: 'rENA'
The following object is masked from 'package:methods':
show
Quitting from lines 56-82 (means-rotation.Rmd)
Error: processing vignette 'means-rotation.Rmd' failed with diagnostics:
cannot open the connection
--- failed re-building ‘means-rotation.Rmd’
SUMMARY: processing the following files failed:
‘getting-started.Rmd’ ‘means-rotation.Rmd’
Error: Vignette re-building failed.
Execution halted
Flavor: r-release-osx-x86_64
Version: 0.2.0.1
Check: re-building of vignette outputs
Result: WARN
Error in re-building vignettes:
...
The following object is masked from 'package:methods':
show
Loading required package: ggplot2
Attaching package: 'plotly'
The following object is masked from 'package:ggplot2':
last_plot
The following object is masked from 'package:stats':
filter
The following object is masked from 'package:graphics':
layout
Quitting from lines 107-117 (getting-started.Rmd)
Error: processing vignette 'getting-started.Rmd' failed with diagnostics:
cannot open the connection
Execution halted
Flavor: r-oldrel-osx-x86_64