CRAN Package Check Results for Package rangeBuilder

Last updated on 2020-02-15 01:01:36 CET.

Flavor Version Tinstall Tcheck Ttotal Status Flags
r-devel-linux-x86_64-debian-clang 1.5 42.20 107.72 149.92 OK
r-devel-linux-x86_64-debian-gcc 1.5 29.51 82.98 112.49 OK
r-devel-linux-x86_64-fedora-clang 1.5 181.89 OK
r-devel-linux-x86_64-fedora-gcc 1.5 177.18 OK
r-devel-windows-ix86+x86_64 1.5 79.00 152.00 231.00 OK
r-devel-windows-ix86+x86_64-gcc8 1.5 84.00 153.00 237.00 NOTE
r-patched-linux-x86_64 1.5 32.80 94.10 126.90 OK
r-patched-solaris-x86 1.5 252.20 OK
r-release-linux-x86_64 1.5 31.80 94.66 126.46 OK
r-release-windows-ix86+x86_64 1.5 71.00 145.00 216.00 OK
r-release-osx-x86_64 1.5 OK
r-oldrel-windows-ix86+x86_64 1.5 54.00 166.00 220.00 OK
r-oldrel-osx-x86_64 1.5 OK

Check Details

Version: 1.5
Check: installed package size
Result: NOTE
     installed size is 5.3Mb
     sub-directories of 1Mb or more:
     R 2.4Mb
     libs 2.0Mb
Flavor: r-devel-windows-ix86+x86_64-gcc8