CRAN Package Check Results for Package rangeModelMetadata

Last updated on 2020-02-15 01:01:36 CET.

Flavor Version Tinstall Tcheck Ttotal Status Flags
r-devel-linux-x86_64-debian-clang 0.1.2 3.69 49.54 53.23 OK
r-devel-linux-x86_64-debian-gcc 0.1.2 3.15 38.15 41.30 OK
r-devel-linux-x86_64-fedora-clang 0.1.2 67.39 NOTE
r-devel-linux-x86_64-fedora-gcc 0.1.2 65.54 NOTE
r-devel-windows-ix86+x86_64 0.1.2 14.00 63.00 77.00 OK
r-devel-windows-ix86+x86_64-gcc8 0.1.2 22.00 63.00 85.00 OK
r-patched-linux-x86_64 0.1.2 3.08 44.80 47.88 OK
r-patched-solaris-x86 0.1.2 83.80 NOTE
r-release-linux-x86_64 0.1.2 2.63 45.17 47.80 OK
r-release-windows-ix86+x86_64 0.1.2 10.00 59.00 69.00 OK
r-release-osx-x86_64 0.1.2 NOTE
r-oldrel-windows-ix86+x86_64 0.1.2 6.00 54.00 60.00 OK
r-oldrel-osx-x86_64 0.1.2 NOTE

Check Details

Version: 0.1.2
Check: dependencies in R code
Result: NOTE
    Namespaces in Imports field not imported from:
     ‘ENMeval’ ‘MASS’ ‘biomod2’ ‘dismo’ ‘dplyr’ ‘ecospat’ ‘googlesheets’
     ‘jsonlite’ ‘rgbif’ ‘rgdal’ ‘rgeos’ ‘sp’ ‘spThin’ ‘spatstat’
     All declared Imports should be used.
Flavors: r-devel-linux-x86_64-fedora-clang, r-devel-linux-x86_64-fedora-gcc, r-patched-solaris-x86, r-release-osx-x86_64, r-oldrel-osx-x86_64