CRAN Package Check Results for Package rappdirs

Last updated on 2020-02-15 01:01:36 CET.

Flavor Version Tinstall Tcheck Ttotal Status Flags
r-devel-linux-x86_64-debian-clang 0.3.1 3.17 23.90 27.07 OK
r-devel-linux-x86_64-debian-gcc 0.3.1 2.12 19.30 21.42 OK
r-devel-linux-x86_64-fedora-clang 0.3.1 34.11 NOTE
r-devel-linux-x86_64-fedora-gcc 0.3.1 33.34 NOTE
r-devel-windows-ix86+x86_64 0.3.1 1.00 6.00 7.00 ERROR
r-devel-windows-ix86+x86_64-gcc8 0.3.1 21.00 47.00 68.00 OK
r-patched-linux-x86_64 0.3.1 2.02 21.63 23.65 OK
r-patched-solaris-x86 0.3.1 47.10 OK
r-release-linux-x86_64 0.3.1 2.17 21.71 23.88 OK
r-release-windows-ix86+x86_64 0.3.1 9.00 43.00 52.00 OK
r-release-osx-x86_64 0.3.1 OK
r-oldrel-windows-ix86+x86_64 0.3.1 9.00 53.00 62.00 OK
r-oldrel-osx-x86_64 0.3.1 OK

Check Details

Version: 0.3.1
Check: compiled code
Result: NOTE
    File ‘rappdirs/libs/rappdirs.so’:
     Found no calls to: ‘R_registerRoutines’, ‘R_useDynamicSymbols’
    
    It is good practice to register native routines and to disable symbol
    search.
    
    See ‘Writing portable packages’ in the ‘Writing R Extensions’ manual.
Flavors: r-devel-linux-x86_64-fedora-clang, r-devel-linux-x86_64-fedora-gcc

Version: 0.3.1
Check: whether package can be installed
Result: ERROR
    Installation failed.
Flavor: r-devel-windows-ix86+x86_64