CRAN Package Check Results for Package rdflib

Last updated on 2020-02-15 01:01:37 CET.

Flavor Version Tinstall Tcheck Ttotal Status Flags
r-devel-linux-x86_64-debian-clang 0.2.3 9.34 79.58 88.92 OK
r-devel-linux-x86_64-debian-gcc 0.2.3 7.27 59.29 66.56 OK
r-devel-linux-x86_64-fedora-clang 0.2.3 82.78 OK
r-devel-linux-x86_64-fedora-gcc 0.2.3 80.14 OK
r-devel-windows-ix86+x86_64 0.2.3 18.00 94.00 112.00 ERROR
r-devel-windows-ix86+x86_64-gcc8 0.2.3 27.00 90.00 117.00 OK
r-patched-linux-x86_64 0.2.3 8.32 71.86 80.18 OK
r-patched-solaris-x86 0.2.3 113.50 WARN
r-release-linux-x86_64 0.2.3 7.35 72.05 79.40 OK
r-release-windows-ix86+x86_64 0.2.3 14.00 88.00 102.00 OK
r-release-osx-x86_64 0.2.3 WARN
r-oldrel-windows-ix86+x86_64 0.2.3 8.00 84.00 92.00 OK
r-oldrel-osx-x86_64 0.2.3 WARN

Check Details

Version: 0.2.3
Check: tests
Result: ERROR
     Running 'spelling.R' [0s]
     Running 'testthat.R' [8s]
    Running the tests in 'tests/testthat.R' failed.
    Complete output:
     > library(testthat)
     > library(rdflib)
     >
     > test_check("rdflib")
     -- 1. Error: we can parse from a url (@test-parse-serialize.R#198) ------------
     cannot open URL 'https://tinyurl.com/ycf95c9h'
     Backtrace:
     1. rdflib::rdf_parse("https://tinyurl.com/ycf95c9h")
     2. rdflib:::text_or_url_to_doc(doc, tmp_string)
     3. utils::download.file(x, tmp, quiet = TRUE)
    
     == testthat results ===========================================================
     [ OK: 54 | SKIPPED: 6 | WARNINGS: 1 | FAILED: 1 ]
     1. Error: we can parse from a url (@test-parse-serialize.R#198)
    
     librdf error - XML parser error: Extra content at the end of the document
     Error: testthat unit tests failed
     Execution halted
Flavor: r-devel-windows-ix86+x86_64

Version: 0.2.3
Check: re-building of vignette outputs
Result: WARN
    Error(s) in re-building vignettes:
     ...
    --- re-building ‘rdf_intro.Rmd’ using rmarkdown
    Warning in engine$weave(file, quiet = quiet, encoding = enc) :
     Pandoc (>= 1.12.3) and/or pandoc-citeproc not available. Falling back to R Markdown v1.
    
    Attaching package: 'dplyr'
    
    The following objects are masked from 'package:stats':
    
     filter, lag
    
    The following objects are masked from 'package:base':
    
     intersect, setdiff, setequal, union
    
    Quitting from lines 41-42 (rdf_intro.Rmd)
    Error: processing vignette 'rdf_intro.Rmd' failed with diagnostics:
    there is no package called 'webshot'
    --- failed re-building ‘rdf_intro.Rmd’
    
    SUMMARY: processing the following file failed:
     ‘rdf_intro.Rmd’
    
    Error: Vignette re-building failed.
    Execution halted
Flavor: r-patched-solaris-x86

Version: 0.2.3
Check: re-building of vignette outputs
Result: WARN
    Error(s) in re-building vignettes:
     ...
    --- re-building ‘rdf_intro.Rmd’ using rmarkdown
    Warning in engine$weave(file, quiet = quiet, encoding = enc) :
     Pandoc (>= 1.12.3) and/or pandoc-citeproc not available. Falling back to R Markdown v1.
    
    Attaching package: 'dplyr'
    
    The following objects are masked from 'package:stats':
    
     filter, lag
    
    The following objects are masked from 'package:base':
    
     intersect, setdiff, setequal, union
    
    Quitting from lines 41-42 (rdf_intro.Rmd)
    Error: processing vignette 'rdf_intro.Rmd' failed with diagnostics:
    cannot open the connection
    --- failed re-building ‘rdf_intro.Rmd’
    
    SUMMARY: processing the following file failed:
     ‘rdf_intro.Rmd’
    
    Error: Vignette re-building failed.
    Execution halted
Flavor: r-release-osx-x86_64

Version: 0.2.3
Check: re-building of vignette outputs
Result: WARN
    Error in re-building vignettes:
     ...
    Warning in engine$weave(file, quiet = quiet, encoding = enc) :
     Pandoc (>= 1.12.3) and/or pandoc-citeproc not available. Falling back to R Markdown v1.
    
    Attaching package: 'dplyr'
    
    The following objects are masked from 'package:stats':
    
     filter, lag
    
    The following objects are masked from 'package:base':
    
     intersect, setdiff, setequal, union
    
    Quitting from lines 41-42 (rdf_intro.Rmd)
    Error: processing vignette 'rdf_intro.Rmd' failed with diagnostics:
    cannot open the connection
    Execution halted
Flavor: r-oldrel-osx-x86_64