CRAN Package Check Results for Package red

Last updated on 2020-02-15 01:01:37 CET.

Flavor Version Tinstall Tcheck Ttotal Status Flags
r-devel-linux-x86_64-debian-clang 1.4.0 14.04 112.74 126.78 OK
r-devel-linux-x86_64-debian-gcc 1.4.0 12.43 87.13 99.56 OK
r-devel-linux-x86_64-fedora-clang 1.4.0 160.41 OK
r-devel-linux-x86_64-fedora-gcc 1.4.0 159.07 OK
r-devel-windows-ix86+x86_64 1.4.0 37.00 144.00 181.00 OK
r-devel-windows-ix86+x86_64-gcc8 1.4.0 51.00 149.00 200.00 OK
r-patched-linux-x86_64 1.4.0 13.83 99.46 113.29 OK
r-patched-solaris-x86 1.4.0 211.30 OK
r-release-linux-x86_64 1.4.0 12.31 102.06 114.37 OK
r-release-windows-ix86+x86_64 1.4.0 32.00 140.00 172.00 OK
r-release-osx-x86_64 1.4.0 WARN
r-oldrel-windows-ix86+x86_64 1.4.0 19.00 144.00 163.00 OK
r-oldrel-osx-x86_64 1.4.0 OK

Check Details

Version: 1.4.0
Check: whether package can be installed
Result: WARN
    Found the following significant warnings:
     Warning: 'rgl_init' failed, running with rgl.useNULL = TRUE
Flavor: r-release-osx-x86_64