CRAN Package Check Results for Package redR

Last updated on 2020-02-15 01:01:37 CET.

Flavor Version Tinstall Tcheck Ttotal Status Flags
r-devel-linux-x86_64-debian-clang 1.0.1 4.08 36.37 40.45 OK
r-devel-linux-x86_64-debian-gcc 1.0.1 3.61 28.75 32.36 OK
r-devel-linux-x86_64-fedora-clang 1.0.1 49.53 WARN
r-devel-linux-x86_64-fedora-gcc 1.0.1 48.35 OK
r-devel-windows-ix86+x86_64 1.0.1 10.00 56.00 66.00 OK
r-devel-windows-ix86+x86_64-gcc8 1.0.1 20.00 54.00 74.00 OK
r-patched-linux-x86_64 1.0.1 3.41 32.88 36.29 OK
r-patched-solaris-x86 1.0.1 80.70 OK
r-release-linux-x86_64 1.0.1 3.51 33.59 37.10 OK
r-release-windows-ix86+x86_64 1.0.1 9.00 55.00 64.00 OK
r-release-osx-x86_64 1.0.1 OK
r-oldrel-windows-ix86+x86_64 1.0.1 5.00 60.00 65.00 OK
r-oldrel-osx-x86_64 1.0.1 OK

Check Details

Version: 1.0.1
Check: package dependencies
Result: WARN
    Requires orphaned package: ‘imager’
Flavor: r-devel-linux-x86_64-fedora-clang