Last updated on 2020-02-15 01:01:37 CET.
Flavor | Version | Tinstall | Tcheck | Ttotal | Status | Flags |
---|---|---|---|---|---|---|
r-devel-linux-x86_64-debian-clang | 1.1.2 | 2.93 | 31.08 | 34.01 | OK | |
r-devel-linux-x86_64-debian-gcc | 1.1.2 | 1.95 | 23.75 | 25.70 | OK | |
r-devel-linux-x86_64-fedora-clang | 1.1.2 | 40.53 | OK | |||
r-devel-linux-x86_64-fedora-gcc | 1.1.2 | 39.41 | OK | |||
r-devel-windows-ix86+x86_64 | 1.1.2 | 7.00 | 45.00 | 52.00 | OK | |
r-devel-windows-ix86+x86_64-gcc8 | 1.1.2 | 12.00 | 42.00 | 54.00 | OK | |
r-patched-linux-x86_64 | 1.1.2 | 2.06 | 28.06 | 30.12 | OK | |
r-patched-solaris-x86 | 1.1.2 | 58.30 | OK | |||
r-release-linux-x86_64 | 1.1.2 | 2.32 | 28.17 | 30.49 | OK | |
r-release-windows-ix86+x86_64 | 1.1.2 | 5.00 | 43.00 | 48.00 | OK | |
r-release-osx-x86_64 | 1.1.2 | WARN | ||||
r-oldrel-windows-ix86+x86_64 | 1.1.2 | 3.00 | 41.00 | 44.00 | OK | |
r-oldrel-osx-x86_64 | 1.1.2 | OK |
Version: 1.1.2
Check: re-building of vignette outputs
Result: WARN
Error(s) in re-building vignettes:
...
--- re-building ‘log_parsing.Rmd’ using rmarkdown
Warning in engine$weave(file, quiet = quiet, encoding = enc) :
Pandoc (>= 1.12.3) and/or pandoc-citeproc not available. Falling back to R Markdown v1.
Read 1000 items
`stat_bin()` using `bins = 30`. Pick better value with `binwidth`.
--- finished re-building ‘log_parsing.Rmd’
--- re-building ‘url_parsing.Rmd’ using rmarkdown
Warning in engine$weave(file, quiet = quiet, encoding = enc) :
Pandoc (>= 1.12.3) and/or pandoc-citeproc not available. Falling back to R Markdown v1.
Error: processing vignette 'url_parsing.Rmd' failed with diagnostics:
there is no package called 'stringi'
--- failed re-building ‘url_parsing.Rmd’
SUMMARY: processing the following file failed:
‘url_parsing.Rmd’
Error: Vignette re-building failed.
Execution halted
Flavor: r-release-osx-x86_64