Last updated on 2020-02-15 01:01:37 CET.
Flavor | Version | Tinstall | Tcheck | Ttotal | Status | Flags |
---|---|---|---|---|---|---|
r-devel-linux-x86_64-debian-clang | 0.4.2 | 4.81 | 106.29 | 111.10 | OK | |
r-devel-linux-x86_64-debian-gcc | 0.4.2 | 4.05 | 77.91 | 81.96 | OK | |
r-devel-linux-x86_64-fedora-clang | 0.4.2 | 130.92 | NOTE | |||
r-devel-linux-x86_64-fedora-gcc | 0.4.2 | 135.48 | NOTE | |||
r-devel-windows-ix86+x86_64 | 0.4.2 | 11.00 | 111.00 | 122.00 | OK | |
r-devel-windows-ix86+x86_64-gcc8 | 0.4.2 | 17.00 | 106.00 | 123.00 | OK | |
r-patched-linux-x86_64 | 0.4.2 | 3.84 | 92.59 | 96.43 | OK | |
r-patched-solaris-x86 | 0.4.2 | 143.40 | NOTE | |||
r-release-linux-x86_64 | 0.4.2 | 4.19 | 92.54 | 96.73 | OK | |
r-release-windows-ix86+x86_64 | 0.4.2 | 9.00 | 103.00 | 112.00 | OK | |
r-release-osx-x86_64 | 0.4.2 | NOTE | ||||
r-oldrel-windows-ix86+x86_64 | 0.4.2 | 6.00 | 119.00 | 125.00 | OK | |
r-oldrel-osx-x86_64 | 0.4.2 | NOTE |
Version: 0.4.2
Check: data for non-ASCII characters
Result: NOTE
Note: found 31 marked UTF-8 strings
Flavors: r-devel-linux-x86_64-fedora-clang, r-devel-linux-x86_64-fedora-gcc, r-patched-solaris-x86, r-release-osx-x86_64, r-oldrel-osx-x86_64
Version: 0.4.2
Check: dependencies in R code
Result: NOTE
Missing or unexported object: ‘tidyr::one_of’
Flavors: r-release-osx-x86_64, r-oldrel-osx-x86_64