Last updated on 2020-02-15 01:01:38 CET.
Flavor | Version | Tinstall | Tcheck | Ttotal | Status | Flags |
---|---|---|---|---|---|---|
r-devel-linux-x86_64-debian-clang | 5.1-4 | 40.15 | 265.44 | 305.59 | OK | |
r-devel-linux-x86_64-debian-gcc | 5.1-4 | 32.68 | 197.44 | 230.12 | OK | |
r-devel-linux-x86_64-fedora-clang | 5.1-4 | 378.84 | OK | |||
r-devel-linux-x86_64-fedora-gcc | 5.1-4 | 327.65 | OK | |||
r-devel-windows-ix86+x86_64 | 5.1-4 | 75.00 | 309.00 | 384.00 | OK | |
r-devel-windows-ix86+x86_64-gcc8 | 5.1-4 | 89.00 | 313.00 | 402.00 | OK | |
r-patched-linux-x86_64 | 5.1-4 | 34.98 | 230.05 | 265.03 | OK | |
r-patched-solaris-x86 | 5.1-4 | 406.90 | OK | |||
r-release-linux-x86_64 | 5.1-4 | 29.31 | 230.44 | 259.75 | OK | |
r-release-windows-ix86+x86_64 | 5.1-4 | 59.00 | 289.00 | 348.00 | OK | |
r-release-osx-x86_64 | 5.1-4 | NOTE | ||||
r-oldrel-windows-ix86+x86_64 | 5.1-4 | 47.00 | 268.00 | 315.00 | OK | |
r-oldrel-osx-x86_64 | 5.1-4 | NOTE |
Version: 5.1-4
Check: dependencies in R code
Result: NOTE
No protocol specified
No protocol specified
Flavors: r-release-osx-x86_64, r-oldrel-osx-x86_64