Last updated on 2020-02-15 01:01:38 CET.
Flavor | Version | Tinstall | Tcheck | Ttotal | Status | Flags |
---|---|---|---|---|---|---|
r-devel-linux-x86_64-debian-clang | 5.2.1-10 | 242.26 | 47.19 | 289.45 | NOTE | |
r-devel-linux-x86_64-debian-gcc | 5.2.1-10 | 172.89 | 36.62 | 209.51 | NOTE | |
r-devel-linux-x86_64-fedora-clang | 5.2.1-10 | 402.03 | NOTE | |||
r-devel-linux-x86_64-fedora-gcc | 5.2.1-10 | 377.03 | NOTE | |||
r-devel-windows-ix86+x86_64 | 5.2.1-10 | 604.00 | 87.00 | 691.00 | NOTE | |
r-devel-windows-ix86+x86_64-gcc8 | 5.2.1-7 | 772.00 | 93.00 | 865.00 | NOTE | |
r-patched-linux-x86_64 | 5.2.1-10 | 194.47 | 42.66 | 237.13 | NOTE | |
r-patched-solaris-x86 | 5.2.1-10 | 341.10 | NOTE | |||
r-release-linux-x86_64 | 5.2.1-10 | 191.50 | 42.29 | 233.79 | NOTE | |
r-release-windows-ix86+x86_64 | 5.2.1-10 | 573.00 | 89.00 | 662.00 | NOTE | |
r-release-osx-x86_64 | 5.2.1-10 | NOTE | ||||
r-oldrel-windows-ix86+x86_64 | 5.2.1-10 | 608.00 | 121.00 | 729.00 | NOTE | |
r-oldrel-osx-x86_64 | 5.2.1-10 | NOTE |
Version: 5.2.1-10
Check: for GNU extensions in Makefiles
Result: NOTE
GNU make is a SystemRequirements.
Flavors: r-devel-linux-x86_64-debian-clang, r-devel-linux-x86_64-debian-gcc, r-devel-linux-x86_64-fedora-clang, r-devel-linux-x86_64-fedora-gcc, r-devel-windows-ix86+x86_64, r-patched-linux-x86_64, r-patched-solaris-x86, r-release-linux-x86_64, r-release-windows-ix86+x86_64, r-release-osx-x86_64, r-oldrel-windows-ix86+x86_64, r-oldrel-osx-x86_64
Version: 5.2.1-10
Check: installed package size
Result: NOTE
installed size is 12.7Mb
sub-directories of 1Mb or more:
libs 12.3Mb
Flavors: r-devel-linux-x86_64-fedora-clang, r-devel-windows-ix86+x86_64, r-release-windows-ix86+x86_64, r-release-osx-x86_64, r-oldrel-windows-ix86+x86_64, r-oldrel-osx-x86_64
Version: 5.2.1-7
Check: installed package size
Result: NOTE
installed size is 9.0Mb
sub-directories of 1Mb or more:
libs 8.7Mb
Flavor: r-devel-windows-ix86+x86_64-gcc8
Version: 5.2.1-7
Check: for GNU extensions in Makefiles
Result: NOTE
GNU make is a SystemRequirements.
Flavor: r-devel-windows-ix86+x86_64-gcc8