CRAN Package Check Results for Package rnaturalearth

Last updated on 2020-02-15 01:01:38 CET.

Flavor Version Tinstall Tcheck Ttotal Status Flags
r-devel-linux-x86_64-debian-clang 0.1.0 6.48 58.44 64.92 NOTE
r-devel-linux-x86_64-debian-gcc 0.1.0 4.76 45.07 49.83 NOTE
r-devel-linux-x86_64-fedora-clang 0.1.0 78.09 NOTE
r-devel-linux-x86_64-fedora-gcc 0.1.0 77.56 NOTE
r-devel-windows-ix86+x86_64 0.1.0 11.00 66.00 77.00 NOTE
r-devel-windows-ix86+x86_64-gcc8 0.1.0 15.00 67.00 82.00 NOTE
r-patched-linux-x86_64 0.1.0 5.01 52.54 57.55 NOTE
r-patched-solaris-x86 0.1.0 123.40 NOTE
r-release-linux-x86_64 0.1.0 4.75 52.10 56.85 NOTE
r-release-windows-ix86+x86_64 0.1.0 9.00 66.00 75.00 NOTE
r-release-osx-x86_64 0.1.0 NOTE
r-oldrel-windows-ix86+x86_64 0.1.0 6.00 59.00 65.00 NOTE
r-oldrel-osx-x86_64 0.1.0 NOTE

Check Details

Version: 0.1.0
Check: package dependencies
Result: NOTE
    Package suggested but not available for checking: 'rnaturalearthhires'
Flavors: r-devel-linux-x86_64-debian-clang, r-devel-linux-x86_64-debian-gcc, r-devel-linux-x86_64-fedora-clang, r-devel-linux-x86_64-fedora-gcc, r-devel-windows-ix86+x86_64, r-devel-windows-ix86+x86_64-gcc8, r-patched-linux-x86_64, r-patched-solaris-x86, r-release-linux-x86_64, r-release-windows-ix86+x86_64, r-release-osx-x86_64, r-oldrel-windows-ix86+x86_64, r-oldrel-osx-x86_64

Version: 0.1.0
Check: data for non-ASCII characters
Result: NOTE
     Note: found 7 marked Latin-1 strings
Flavors: r-devel-linux-x86_64-fedora-clang, r-devel-linux-x86_64-fedora-gcc, r-patched-solaris-x86, r-release-osx-x86_64, r-oldrel-osx-x86_64