CRAN Package Check Results for Package rnaturalearthdata

Last updated on 2020-02-15 01:01:38 CET.

Flavor Version Tinstall Tcheck Ttotal Status Flags
r-devel-linux-x86_64-debian-clang 0.1.0 8.75 28.77 37.52 OK
r-devel-linux-x86_64-debian-gcc 0.1.0 6.47 23.02 29.49 OK
r-devel-linux-x86_64-fedora-clang 0.1.0 46.83 NOTE
r-devel-linux-x86_64-fedora-gcc 0.1.0 45.72 NOTE
r-devel-windows-ix86+x86_64 0.1.0 14.00 41.00 55.00 OK
r-devel-windows-ix86+x86_64-gcc8 0.1.0 17.00 40.00 57.00 OK
r-patched-linux-x86_64 0.1.0 7.62 26.93 34.55 OK
r-patched-solaris-x86 0.1.0 74.50 NOTE
r-release-linux-x86_64 0.1.0 7.57 26.24 33.81 OK
r-release-windows-ix86+x86_64 0.1.0 13.00 40.00 53.00 OK
r-release-osx-x86_64 0.1.0 NOTE
r-oldrel-windows-ix86+x86_64 0.1.0 10.00 54.00 64.00 OK
r-oldrel-osx-x86_64 0.1.0 NOTE

Check Details

Version: 0.1.0
Check: data for non-ASCII characters
Result: NOTE
     Note: found 133 marked Latin-1 strings
Flavors: r-devel-linux-x86_64-fedora-clang, r-devel-linux-x86_64-fedora-gcc, r-patched-solaris-x86, r-release-osx-x86_64, r-oldrel-osx-x86_64