CRAN Package Check Results for Package robumeta

Last updated on 2020-02-15 01:01:38 CET.

Flavor Version Tinstall Tcheck Ttotal Status Flags
r-devel-linux-x86_64-debian-clang 2.0 3.45 27.95 31.40 OK
r-devel-linux-x86_64-debian-gcc 2.0 2.41 22.12 24.53 OK
r-devel-linux-x86_64-fedora-clang 2.0 39.46 NOTE
r-devel-linux-x86_64-fedora-gcc 2.0 38.17 NOTE
r-devel-windows-ix86+x86_64 2.0 10.00 36.00 46.00 OK
r-devel-windows-ix86+x86_64-gcc8 2.0 14.00 40.00 54.00 OK
r-patched-linux-x86_64 2.0 2.54 25.51 28.05 OK
r-patched-solaris-x86 2.0 49.70 NOTE
r-release-linux-x86_64 2.0 2.44 25.81 28.25 OK
r-release-windows-ix86+x86_64 2.0 8.00 38.00 46.00 OK
r-release-osx-x86_64 2.0 NOTE
r-oldrel-windows-ix86+x86_64 2.0 10.00 50.00 60.00 OK
r-oldrel-osx-x86_64 2.0 NOTE

Check Details

Version: 2.0
Check: data for non-ASCII characters
Result: NOTE
     Note: found 6 marked UTF-8 strings
Flavors: r-devel-linux-x86_64-fedora-clang, r-devel-linux-x86_64-fedora-gcc, r-patched-solaris-x86, r-release-osx-x86_64, r-oldrel-osx-x86_64