Last updated on 2020-02-15 01:01:38 CET.
Flavor | Version | Tinstall | Tcheck | Ttotal | Status | Flags |
---|---|---|---|---|---|---|
r-devel-linux-x86_64-debian-clang | 0.1.0 | 3.76 | 97.43 | 101.19 | ERROR | |
r-devel-linux-x86_64-debian-gcc | 0.1.0 | 2.50 | 120.59 | 123.09 | OK | |
r-devel-linux-x86_64-fedora-clang | 0.1.0 | 190.66 | OK | |||
r-devel-linux-x86_64-fedora-gcc | 0.1.0 | 190.88 | OK | |||
r-devel-windows-ix86+x86_64 | 0.1.0 | 9.00 | 161.00 | 170.00 | OK | |
r-devel-windows-ix86+x86_64-gcc8 | 0.1.0 | 12.00 | 157.00 | 169.00 | OK | |
r-patched-linux-x86_64 | 0.1.0 | 2.99 | 143.06 | 146.05 | OK | |
r-patched-solaris-x86 | 0.1.0 | 229.80 | OK | |||
r-release-linux-x86_64 | 0.1.0 | 3.00 | 144.52 | 147.52 | OK | |
r-release-windows-ix86+x86_64 | 0.1.0 | 6.00 | 146.00 | 152.00 | OK | |
r-release-osx-x86_64 | 0.1.0 | OK | ||||
r-oldrel-windows-ix86+x86_64 | 0.1.0 | 4.00 | 147.00 | 151.00 | OK | |
r-oldrel-osx-x86_64 | 0.1.0 | OK |
Version: 0.1.0
Check: tests
Result: ERROR
Running 'testthat.R' [8s/9s]
Running the tests in 'tests/testthat.R' failed.
Complete output:
> library(testthat)
> library(rromeo)
>
> test_check("rromeo")
-- 1. Error: rr_journal_name() works (@test-rr_journal_name.R#4) --------------
Reader error: control characters are not allowed: #80 at 5955
Backtrace:
1. vcr::use_cassette(...)
2. vcr::insert_cassette(...)
3. Cassette$new(...)
4. .subset2(public_bind_env, "initialize")(...)
5. self$http_interactions()
8. self$previously_recorded_interactions()
14. self$deserialized_hash()
15. self$serializer$deserialize_path()
16. yaml::yaml.load(str)
== testthat results ===========================================================
[ OK: 149 | SKIPPED: 1 | WARNINGS: 0 | FAILED: 1 ]
1. Error: rr_journal_name() works (@test-rr_journal_name.R#4)
Error: testthat unit tests failed
Execution halted
Flavor: r-devel-linux-x86_64-debian-clang