CRAN Package Check Results for Package rrr

Last updated on 2020-02-15 01:01:38 CET.

Flavor Version Tinstall Tcheck Ttotal Status Flags
r-devel-linux-x86_64-debian-clang 1.0.0 7.68 82.63 90.31 OK
r-devel-linux-x86_64-debian-gcc 1.0.0 6.52 61.43 67.95 OK
r-devel-linux-x86_64-fedora-clang 1.0.0 113.29 NOTE
r-devel-linux-x86_64-fedora-gcc 1.0.0 101.72 NOTE
r-devel-windows-ix86+x86_64 1.0.0 18.00 89.00 107.00 OK
r-devel-windows-ix86+x86_64-gcc8 1.0.0 32.00 92.00 124.00 OK
r-patched-linux-x86_64 1.0.0 6.68 72.78 79.46 OK
r-patched-solaris-x86 1.0.0 140.90 NOTE
r-release-linux-x86_64 1.0.0 6.79 73.41 80.20 OK
r-release-windows-ix86+x86_64 1.0.0 12.00 79.00 91.00 OK
r-release-osx-x86_64 1.0.0 NOTE
r-oldrel-windows-ix86+x86_64 1.0.0 8.00 83.00 91.00 OK
r-oldrel-osx-x86_64 1.0.0 NOTE

Check Details

Version: 1.0.0
Check: dependencies in R code
Result: NOTE
    Namespace in Imports field not imported from: ‘Rcpp’
     All declared Imports should be used.
Flavors: r-devel-linux-x86_64-fedora-clang, r-devel-linux-x86_64-fedora-gcc, r-patched-solaris-x86, r-release-osx-x86_64, r-oldrel-osx-x86_64