CRAN Package Check Results for Package rrtable

Last updated on 2020-02-15 01:01:38 CET.

Flavor Version Tinstall Tcheck Ttotal Status Flags
r-devel-linux-x86_64-debian-clang 0.1.7 11.08 89.97 101.05 OK
r-devel-linux-x86_64-debian-gcc 0.1.7 8.60 69.61 78.21 OK
r-devel-linux-x86_64-fedora-clang 0.1.7 116.47 OK
r-devel-linux-x86_64-fedora-gcc 0.1.7 113.30 OK
r-devel-windows-ix86+x86_64 0.1.7 29.00 99.00 128.00 OK
r-devel-windows-ix86+x86_64-gcc8 0.1.0 42.00 107.00 149.00 WARN
r-patched-linux-x86_64 0.1.7 9.53 80.48 90.01 OK
r-patched-solaris-x86 0.1.7 156.80 OK
r-release-linux-x86_64 0.1.7 9.06 81.72 90.78 OK
r-release-windows-ix86+x86_64 0.1.7 27.00 98.00 125.00 OK
r-release-osx-x86_64 0.1.7 OK
r-oldrel-windows-ix86+x86_64 0.1.7 21.00 163.00 184.00 OK
r-oldrel-osx-x86_64 0.1.7 OK

Check Details

Version: 0.1.0
Check: examples
Result: WARN
    Found the following significant warnings:
    
     Warning: 'ph_with_vg_at' is deprecated.
     Warning: 'ph_with_vg_at' is deprecated.
     Warning: 'ph_with_vg_at' is deprecated.
     Warning: 'ph_with_vg_at' is deprecated.
     Warning: 'ph_with_vg_at' is deprecated.
     Warning: 'ph_with_vg_at' is deprecated.
    Deprecated functions may be defunct as soon as of the next release of
    R.
    See ?Deprecated.
Flavor: r-devel-windows-ix86+x86_64-gcc8