Last updated on 2020-02-15 01:01:39 CET.
Flavor | Version | Tinstall | Tcheck | Ttotal | Status | Flags |
---|---|---|---|---|---|---|
r-devel-linux-x86_64-debian-clang | 0.4-14 | 3.57 | 42.24 | 45.81 | WARN | |
r-devel-linux-x86_64-debian-gcc | 0.4-14 | 2.73 | 32.69 | 35.42 | WARN | |
r-devel-linux-x86_64-fedora-clang | 0.4-14 | 57.42 | WARN | |||
r-devel-linux-x86_64-fedora-gcc | 0.4-14 | 55.19 | WARN | |||
r-devel-windows-ix86+x86_64 | 0.4-14 | 7.00 | 53.00 | 60.00 | OK | |
r-devel-windows-ix86+x86_64-gcc8 | 0.4-14 | 10.00 | 56.00 | 66.00 | OK | |
r-patched-linux-x86_64 | 0.4-14 | 2.52 | 38.73 | 41.25 | WARN | |
r-patched-solaris-x86 | 0.4-14 | 77.60 | WARN | |||
r-release-linux-x86_64 | 0.4-14 | 2.45 | 39.03 | 41.48 | OK | |
r-release-windows-ix86+x86_64 | 0.4-14 | 7.00 | 53.00 | 60.00 | OK | |
r-release-osx-x86_64 | 0.4-14 | OK | ||||
r-oldrel-windows-ix86+x86_64 | 0.4-14 | 4.00 | 55.00 | 59.00 | OK | |
r-oldrel-osx-x86_64 | 0.4-14 | OK |
Version: 0.4-14
Check: Rd \usage sections
Result: WARN
Documented arguments not in \usage in documentation object 'RTF':
'...'
Functions with \usage entries need to have the appropriate \alias
entries, and all their arguments documented.
The \usage entries must correspond to syntactically valid R code.
See chapter 'Writing R documentation files' in the 'Writing R
Extensions' manual.
Flavors: r-devel-linux-x86_64-debian-clang, r-devel-linux-x86_64-debian-gcc, r-devel-linux-x86_64-fedora-clang, r-devel-linux-x86_64-fedora-gcc, r-patched-linux-x86_64, r-patched-solaris-x86
Version: 0.4-14
Check: for non-standard things in the check directory
Result: NOTE
Found the following files/directories:
'test_addPageBreak.doc' 'test_addPlot.doc' 'test_addSessionInfo.doc'
'test_addTable.doc'
Flavors: r-devel-linux-x86_64-debian-clang, r-devel-linux-x86_64-debian-gcc, r-devel-linux-x86_64-fedora-clang, r-devel-linux-x86_64-fedora-gcc