CRAN Package Check Results for Package rubias

Last updated on 2020-02-15 01:01:39 CET.

Flavor Version Tinstall Tcheck Ttotal Status Flags
r-devel-linux-x86_64-debian-clang 0.3.0 96.05 470.59 566.64 NOTE
r-devel-linux-x86_64-debian-gcc 0.3.0 60.90 367.93 428.83 NOTE
r-devel-linux-x86_64-fedora-clang 0.3.0 725.97 NOTE
r-devel-linux-x86_64-fedora-gcc 0.3.0 746.79 NOTE
r-devel-windows-ix86+x86_64 0.3.0 191.00 510.00 701.00 NOTE
r-devel-windows-ix86+x86_64-gcc8 0.3.0 267.00 536.00 803.00 NOTE
r-patched-linux-x86_64 0.3.0 79.28 469.26 548.54 NOTE
r-patched-solaris-x86 0.3.0 1183.00 NOTE
r-release-linux-x86_64 0.3.0 76.23 471.70 547.93 NOTE
r-release-windows-ix86+x86_64 0.3.0 181.00 517.00 698.00 NOTE
r-release-osx-x86_64 0.3.0 NOTE
r-oldrel-windows-ix86+x86_64 0.3.0 180.00 528.00 708.00 NOTE
r-oldrel-osx-x86_64 0.3.0 NOTE

Check Details

Version: 0.3.0
Check: for GNU extensions in Makefiles
Result: NOTE
    GNU make is a SystemRequirements.
Flavors: r-devel-linux-x86_64-debian-clang, r-devel-linux-x86_64-debian-gcc, r-devel-linux-x86_64-fedora-clang, r-devel-linux-x86_64-fedora-gcc, r-devel-windows-ix86+x86_64, r-devel-windows-ix86+x86_64-gcc8, r-patched-linux-x86_64, r-patched-solaris-x86, r-release-linux-x86_64, r-release-windows-ix86+x86_64, r-release-osx-x86_64, r-oldrel-windows-ix86+x86_64, r-oldrel-osx-x86_64

Version: 0.3.0
Check: installed package size
Result: NOTE
     installed size is 5.2Mb
     sub-directories of 1Mb or more:
     libs 3.4Mb
Flavor: r-devel-linux-x86_64-fedora-clang