CRAN Package Check Results for Package runstats

Last updated on 2020-02-15 01:01:39 CET.

Flavor Version Tinstall Tcheck Ttotal Status Flags
r-devel-linux-x86_64-debian-clang 1.1.0 3.28 30.17 33.45 OK
r-devel-linux-x86_64-debian-gcc 1.1.0 2.14 23.48 25.62 OK
r-devel-linux-x86_64-fedora-clang 1.1.0 40.04 NOTE
r-devel-linux-x86_64-fedora-gcc 1.1.0 39.16 OK
r-devel-windows-ix86+x86_64 1.1.0 7.00 43.00 50.00 NOTE
r-devel-windows-ix86+x86_64-gcc8 1.1.0 11.00 45.00 56.00 NOTE
r-patched-linux-x86_64 1.1.0 2.58 27.59 30.17 OK
r-patched-solaris-x86 1.1.0 51.90 NOTE
r-release-linux-x86_64 1.1.0 1.84 27.33 29.17 OK
r-release-windows-ix86+x86_64 1.1.0 5.00 41.00 46.00 NOTE
r-release-osx-x86_64 1.1.0 NOTE
r-oldrel-windows-ix86+x86_64 1.1.0 4.00 42.00 46.00 NOTE
r-oldrel-osx-x86_64 1.1.0 NOTE

Check Details

Version: 1.1.0
Check: installed package size
Result: NOTE
     installed size is 5.3Mb
     sub-directories of 1Mb or more:
     doc 4.7Mb
Flavors: r-devel-linux-x86_64-fedora-clang, r-devel-windows-ix86+x86_64, r-devel-windows-ix86+x86_64-gcc8, r-patched-solaris-x86, r-release-windows-ix86+x86_64, r-release-osx-x86_64, r-oldrel-windows-ix86+x86_64, r-oldrel-osx-x86_64