Last updated on 2020-02-15 01:01:39 CET.
Flavor | Version | Tinstall | Tcheck | Ttotal | Status | Flags |
---|---|---|---|---|---|---|
r-devel-linux-x86_64-debian-clang | 0.1.0 | 4.46 | 163.56 | 168.02 | OK | |
r-devel-linux-x86_64-debian-gcc | 0.1.0 | 4.19 | 121.46 | 125.65 | OK | |
r-devel-linux-x86_64-fedora-clang | 0.1.0 | 188.26 | OK | |||
r-devel-linux-x86_64-fedora-gcc | 0.1.0 | 188.97 | OK | |||
r-devel-windows-ix86+x86_64 | 0.1.0 | 9.00 | 160.00 | 169.00 | OK | |
r-devel-windows-ix86+x86_64-gcc8 | 0.1.0 | 12.00 | 166.00 | 178.00 | OK | |
r-patched-linux-x86_64 | 0.1.0 | 4.60 | 144.31 | 148.91 | OK | |
r-patched-solaris-x86 | 0.1.0 | 279.60 | OK | |||
r-release-linux-x86_64 | 0.1.0 | 3.58 | 142.35 | 145.93 | OK | |
r-release-windows-ix86+x86_64 | 0.1.0 | 7.00 | 149.00 | 156.00 | OK | |
r-release-osx-x86_64 | 0.1.0 | OK | ||||
r-oldrel-windows-ix86+x86_64 | 0.1.0 | 7.00 | 181.00 | 188.00 | WARN | |
r-oldrel-osx-x86_64 | 0.1.0 | OK |
Version: 0.1.0
Check: re-building of vignette outputs
Result: WARN
Error in re-building vignettes:
...
Quitting from lines 85-92 (user-defined-design.Rmd)
Error: processing vignette 'user-defined-design.Rmd' failed with diagnostics:
task 1 failed - "no method or default for coercing "matrix" to "dgCMatrix""
Execution halted
Flavor: r-oldrel-windows-ix86+x86_64