CRAN Package Check Results for Package sbw

Last updated on 2020-02-15 01:01:39 CET.

Flavor Version Tinstall Tcheck Ttotal Status Flags
r-devel-linux-x86_64-debian-clang 1.0 11.71 74.20 85.91 NOTE
r-devel-linux-x86_64-debian-gcc 1.0 9.41 57.42 66.83 NOTE
r-devel-linux-x86_64-fedora-clang 1.0 100.22 NOTE
r-devel-linux-x86_64-fedora-gcc 1.0 99.58 NOTE
r-devel-windows-ix86+x86_64 1.0 19.00 74.00 93.00 NOTE
r-devel-windows-ix86+x86_64-gcc8 1.0 29.00 73.00 102.00 NOTE
r-patched-linux-x86_64 1.0 8.44 66.27 74.71 NOTE
r-patched-solaris-x86 1.0 138.40 NOTE
r-release-linux-x86_64 1.0 7.51 64.95 72.46 NOTE
r-release-windows-ix86+x86_64 1.0 15.00 68.00 83.00 NOTE
r-release-osx-x86_64 1.0 NOTE
r-oldrel-windows-ix86+x86_64 1.0 12.00 99.00 111.00 NOTE
r-oldrel-osx-x86_64 1.0 NOTE

Check Details

Version: 1.0
Check: package dependencies
Result: NOTE
    Packages which this enhances but not available for checking:
     'gurobi', 'pogs'
Flavors: r-devel-linux-x86_64-debian-clang, r-devel-linux-x86_64-debian-gcc, r-patched-linux-x86_64, r-release-linux-x86_64

Version: 1.0
Check: dependencies in R code
Result: NOTE
    Missing or unexported objects:
     'Rmosek::mosek_lptoprob' 'Rmosek::mosek_qptoprob'
Flavors: r-devel-linux-x86_64-debian-clang, r-devel-linux-x86_64-debian-gcc, r-devel-linux-x86_64-fedora-clang, r-devel-linux-x86_64-fedora-gcc, r-devel-windows-ix86+x86_64, r-devel-windows-ix86+x86_64-gcc8, r-patched-linux-x86_64, r-release-linux-x86_64, r-release-windows-ix86+x86_64, r-release-osx-x86_64, r-oldrel-windows-ix86+x86_64, r-oldrel-osx-x86_64

Version: 1.0
Check: package dependencies
Result: NOTE
    Packages which this enhances but not available for checking:
     'gurobi', 'Rcplex', 'pogs'
Flavors: r-devel-linux-x86_64-fedora-clang, r-devel-linux-x86_64-fedora-gcc, r-devel-windows-ix86+x86_64, r-devel-windows-ix86+x86_64-gcc8, r-release-windows-ix86+x86_64, r-release-osx-x86_64

Version: 1.0
Check: package dependencies
Result: NOTE
    Packages which this enhances but not available for checking:
     'gurobi', 'Rcplex', 'Rmosek', 'pogs'
Flavor: r-patched-solaris-x86

Version: 1.0
Check: package dependencies
Result: NOTE
    Packages which this enhances but not available for checking:
     'gurobi' 'Rcplex' 'pogs'
Flavors: r-oldrel-windows-ix86+x86_64, r-oldrel-osx-x86_64