CRAN Package Check Results for Package scape

Last updated on 2020-02-15 01:01:39 CET.

Flavor Version Tinstall Tcheck Ttotal Status Flags
r-devel-linux-x86_64-debian-clang 2.3-2 13.45 135.88 149.33 OK
r-devel-linux-x86_64-debian-gcc 2.3-2 10.03 103.17 113.20 OK
r-devel-linux-x86_64-fedora-clang 2.3-2 176.26 OK
r-devel-linux-x86_64-fedora-gcc 2.3-2 170.37 OK
r-devel-windows-ix86+x86_64 2.3-2 28.00 148.00 176.00 OK
r-devel-windows-ix86+x86_64-gcc8 2.3-2 52.00 148.00 200.00 OK
r-patched-linux-x86_64 2.3-2 9.23 117.89 127.12 OK
r-patched-solaris-x86 2.3-2 235.80 NOTE
r-release-linux-x86_64 2.3-2 10.18 118.55 128.73 OK
r-release-windows-ix86+x86_64 2.3-2 30.00 133.00 163.00 OK
r-release-osx-x86_64 2.3-2 OK
r-oldrel-windows-ix86+x86_64 2.3-2 14.00 175.00 189.00 OK
r-oldrel-osx-x86_64 2.3-2 OK

Check Details

Version: 2.3-2
Check: installed package size
Result: NOTE
     installed size is 5.0Mb
     sub-directories of 1Mb or more:
     doc 1.4Mb
     example 2.7Mb
Flavor: r-patched-solaris-x86