CRAN Package Check Results for Package secr

Last updated on 2020-02-15 01:01:39 CET.

Flavor Version Tinstall Tcheck Ttotal Status Flags
r-devel-linux-x86_64-debian-clang 4.1.0 272.15 309.85 582.00 NOTE
r-devel-linux-x86_64-debian-gcc 4.1.0 210.82 232.19 443.01 NOTE
r-devel-linux-x86_64-fedora-clang 4.1.0 764.01 NOTE
r-devel-linux-x86_64-fedora-gcc 4.1.0 754.71 NOTE
r-devel-windows-ix86+x86_64 4.1.0 531.00 411.00 942.00 NOTE
r-devel-windows-ix86+x86_64-gcc8 4.1.0 789.00 460.00 1249.00 NOTE
r-patched-linux-x86_64 4.1.0 240.11 273.98 514.09 NOTE
r-patched-solaris-x86 4.1.0 728.80 NOTE
r-release-linux-x86_64 4.1.0 260.48 272.96 533.44 NOTE
r-release-windows-ix86+x86_64 4.1.0 522.00 398.00 920.00 NOTE
r-release-osx-x86_64 4.1.0 NOTE
r-oldrel-windows-ix86+x86_64 4.1.0 499.00 396.00 895.00 NOTE
r-oldrel-osx-x86_64 4.1.0 NOTE

Check Details

Version: 4.1.0
Check: for GNU extensions in Makefiles
Result: NOTE
    GNU make is a SystemRequirements.
Flavors: r-devel-linux-x86_64-debian-clang, r-devel-linux-x86_64-debian-gcc, r-devel-linux-x86_64-fedora-clang, r-devel-linux-x86_64-fedora-gcc, r-devel-windows-ix86+x86_64, r-devel-windows-ix86+x86_64-gcc8, r-patched-linux-x86_64, r-patched-solaris-x86, r-release-linux-x86_64, r-release-windows-ix86+x86_64, r-release-osx-x86_64, r-oldrel-windows-ix86+x86_64, r-oldrel-osx-x86_64

Version: 4.1.0
Check: installed package size
Result: NOTE
     installed size is 18.3Mb
     sub-directories of 1Mb or more:
     R 1.4Mb
     libs 15.3Mb
Flavors: r-devel-linux-x86_64-fedora-clang, r-devel-windows-ix86+x86_64, r-devel-windows-ix86+x86_64-gcc8, r-release-windows-ix86+x86_64, r-release-osx-x86_64, r-oldrel-windows-ix86+x86_64, r-oldrel-osx-x86_64