CRAN Package Check Results for Package seewave

Last updated on 2020-02-15 01:01:39 CET.

Flavor Version Tinstall Tcheck Ttotal Status Flags
r-devel-linux-x86_64-debian-clang 2.1.5 13.31 132.14 145.45 OK
r-devel-linux-x86_64-debian-gcc 2.1.5 12.07 100.27 112.34 OK
r-devel-linux-x86_64-fedora-clang 2.1.5 179.25 OK
r-devel-linux-x86_64-fedora-gcc 2.1.5 172.98 OK
r-devel-windows-ix86+x86_64 2.1.5 21.00 148.00 169.00 OK
r-devel-windows-ix86+x86_64-gcc8 2.1.5 29.00 161.00 190.00 OK
r-patched-linux-x86_64 2.1.5 14.08 120.02 134.10 OK
r-patched-solaris-x86 2.1.5 207.10 OK
r-release-linux-x86_64 2.1.5 13.22 120.32 133.54 OK
r-release-windows-ix86+x86_64 2.1.5 16.00 148.00 164.00 OK
r-release-osx-x86_64 2.1.5 NOTE
r-oldrel-windows-ix86+x86_64 2.1.5 17.00 142.00 159.00 OK
r-oldrel-osx-x86_64 2.1.5 NOTE

Check Details

Version: 2.1.5
Check: package dependencies
Result: NOTE
    Package suggested but not available for checking: ‘rpanel’
Flavors: r-release-osx-x86_64, r-oldrel-osx-x86_64

Version: 2.1.5
Check: dependencies in R code
Result: NOTE
    No protocol specified
Flavors: r-release-osx-x86_64, r-oldrel-osx-x86_64