CRAN Package Check Results for Package shadow

Last updated on 2020-02-15 01:01:40 CET.

Flavor Version Tinstall Tcheck Ttotal Status Flags
r-devel-linux-x86_64-debian-clang 0.6.4 9.27 129.88 139.15 OK
r-devel-linux-x86_64-debian-gcc 0.6.4 9.03 98.05 107.08 OK
r-devel-linux-x86_64-fedora-clang 0.6.4 165.74 NOTE
r-devel-linux-x86_64-fedora-gcc 0.6.4 164.71 NOTE
r-devel-windows-ix86+x86_64 0.6.4 21.00 126.00 147.00 OK
r-devel-windows-ix86+x86_64-gcc8 0.6.3 26.00 122.00 148.00 OK
r-patched-linux-x86_64 0.6.4 8.91 112.81 121.72 OK
r-patched-solaris-x86 0.6.4 199.40 NOTE
r-release-linux-x86_64 0.6.4 9.14 112.26 121.40 OK
r-release-windows-ix86+x86_64 0.6.4 20.00 120.00 140.00 OK
r-release-osx-x86_64 0.6.4 NOTE
r-oldrel-windows-ix86+x86_64 0.6.4 10.00 143.00 153.00 OK
r-oldrel-osx-x86_64 0.6.4 NOTE

Check Details

Version: 0.6.4
Check: dependencies in R code
Result: NOTE
    Namespaces in Imports field not imported from:
     ‘parallel’ ‘plyr’
     All declared Imports should be used.
Flavors: r-devel-linux-x86_64-fedora-clang, r-devel-linux-x86_64-fedora-gcc, r-patched-solaris-x86, r-release-osx-x86_64, r-oldrel-osx-x86_64