CRAN Package Check Results for Package shinyAce

Last updated on 2020-02-15 01:01:40 CET.

Flavor Version Tinstall Tcheck Ttotal Status Flags
r-devel-linux-x86_64-debian-clang 0.4.1 5.09 44.13 49.22 OK
r-devel-linux-x86_64-debian-gcc 0.4.1 3.96 35.03 38.99 OK
r-devel-linux-x86_64-fedora-clang 0.4.1 59.08 NOTE
r-devel-linux-x86_64-fedora-gcc 0.4.1 58.06 OK
r-devel-windows-ix86+x86_64 0.4.1 21.00 47.00 68.00 NOTE
r-devel-windows-ix86+x86_64-gcc8 0.4.1 28.00 48.00 76.00 NOTE
r-patched-linux-x86_64 0.4.1 4.24 40.80 45.04 OK
r-patched-solaris-x86 0.4.1 72.80 NOTE
r-release-linux-x86_64 0.4.1 4.66 40.31 44.97 OK
r-release-windows-ix86+x86_64 0.4.1 20.00 47.00 67.00 NOTE
r-release-osx-x86_64 0.4.1 NOTE
r-oldrel-windows-ix86+x86_64 0.4.1 17.00 47.00 64.00 NOTE
r-oldrel-osx-x86_64 0.4.1 NOTE

Check Details

Version: 0.4.1
Check: installed package size
Result: NOTE
     installed size is 8.2Mb
     sub-directories of 1Mb or more:
     www 7.7Mb
Flavors: r-devel-linux-x86_64-fedora-clang, r-devel-windows-ix86+x86_64, r-devel-windows-ix86+x86_64-gcc8, r-patched-solaris-x86, r-release-windows-ix86+x86_64, r-release-osx-x86_64, r-oldrel-windows-ix86+x86_64, r-oldrel-osx-x86_64